Last updated on 2023-09-27 12:02:46 CEST.
Flavor | Version | Tinstall | Tcheck | Ttotal | Status | Flags |
---|---|---|---|---|---|---|
r-devel-linux-x86_64-debian-clang | 1.0.5 | 1073.17 | 311.08 | 1384.25 | OK | |
r-devel-linux-x86_64-debian-gcc | 1.0.5 | 826.12 | 261.66 | 1087.78 | OK | |
r-devel-linux-x86_64-fedora-clang | 1.0.5 | 1647.20 | NOTE | |||
r-devel-linux-x86_64-fedora-gcc | 1.0.5 | 2084.96 | NOTE | |||
r-devel-windows-x86_64 | 1.0.5 | 696.00 | 292.00 | 988.00 | NOTE | |
r-patched-linux-x86_64 | 1.0.5 | 702.97 | 332.76 | 1035.73 | OK | |
r-release-linux-x86_64 | 1.0.5 | 0.01 | 2.39 | 2.40 | ERROR | |
r-release-macos-arm64 | 1.0.5 | 515.00 | NOTE | |||
r-release-macos-x86_64 | 1.0.5 | 762.00 | NOTE | |||
r-release-windows-x86_64 | 1.0.5 | 942.00 | 368.00 | 1310.00 | NOTE | |
r-oldrel-macos-arm64 | 1.0.5 | 436.00 | NOTE | |||
r-oldrel-macos-x86_64 | 1.0.5 | 701.00 | NOTE | |||
r-oldrel-windows-x86_64 | 1.0.5 | 880.00 | 343.00 | 1223.00 | NOTE |
Version: 1.0.5
Check: installed package size
Result: NOTE
installed size is 9.2Mb
sub-directories of 1Mb or more:
libs 8.1Mb
Flavors: r-devel-linux-x86_64-fedora-clang, r-devel-windows-x86_64, r-release-macos-arm64, r-release-macos-x86_64, r-release-windows-x86_64, r-oldrel-macos-arm64, r-oldrel-macos-x86_64, r-oldrel-windows-x86_64
Version: 1.0.5
Check: dependencies in R code
Result: NOTE
Namespaces in Imports field not imported from:
‘RcppParallel’ ‘rstantools’
All declared Imports should be used.
Flavors: r-devel-linux-x86_64-fedora-clang, r-devel-linux-x86_64-fedora-gcc
Version: 1.0.5
Check: for GNU extensions in Makefiles
Result: NOTE
GNU make is a SystemRequirements.
Flavors: r-devel-linux-x86_64-fedora-clang, r-devel-linux-x86_64-fedora-gcc, r-release-macos-arm64, r-release-macos-x86_64, r-oldrel-macos-arm64, r-oldrel-macos-x86_64
Version: 1.0.5
Check: whether package can be installed
Result: ERROR
Installation failed.
Flavor: r-release-linux-x86_64