Last updated on 2025-05-06 12:49:37 CEST.
Flavor | Version | Tinstall | Tcheck | Ttotal | Status | Flags |
---|---|---|---|---|---|---|
r-devel-linux-x86_64-debian-clang | 2.5 | 188.53 | 74.90 | 263.43 | NOTE | |
r-devel-linux-x86_64-debian-gcc | 2.5 | 138.61 | 59.39 | 198.00 | NOTE | |
r-devel-linux-x86_64-fedora-clang | 2.5 | 516.59 | NOTE | |||
r-devel-linux-x86_64-fedora-gcc | 2.5 | 542.53 | NOTE | |||
r-devel-windows-x86_64 | 2.5 | 200.00 | 114.00 | 314.00 | NOTE | |
r-patched-linux-x86_64 | 2.5 | 192.70 | 78.36 | 271.06 | NOTE | |
r-release-linux-x86_64 | 2.5 | 189.83 | 78.49 | 268.32 | NOTE | |
r-release-macos-arm64 | 2.5 | 105.00 | NOTE | |||
r-release-macos-x86_64 | 2.5 | 113.00 | NOTE | |||
r-release-windows-x86_64 | 2.5 | 204.00 | 118.00 | 322.00 | NOTE | |
r-oldrel-macos-arm64 | 2.5 | 113.00 | NOTE | |||
r-oldrel-macos-x86_64 | 2.5 | 104.00 | NOTE | |||
r-oldrel-windows-x86_64 | 2.5 | 244.00 | 154.00 | 398.00 | NOTE |
Version: 2.5
Check: CRAN incoming feasibility
Result: NOTE
Maintainer: ‘Andrew George <geo047@gmail.com>’
Package CITATION file contains call(s) to old-style citEntry(). Please
use bibentry() instead.
Flavors: r-devel-linux-x86_64-debian-clang, r-devel-linux-x86_64-debian-gcc
Version: 2.5
Check: Rd files
Result: NOTE
checkRd: (-1) AM.Rd:95-98: Lost braces in \itemize; meant \describe ?
checkRd: (-1) AM.Rd:99-102: Lost braces in \itemize; meant \describe ?
checkRd: (-1) AM.Rd:103: Lost braces in \itemize; meant \describe ?
checkRd: (-1) AM.Rd:123-125: Lost braces in \itemize; meant \describe ?
checkRd: (-1) AM.Rd:126-133: Lost braces in \itemize; meant \describe ?
checkRd: (-1) AM.Rd:134-135: Lost braces in \itemize; meant \describe ?
checkRd: (-1) AM.Rd:136-137: Lost braces in \itemize; meant \describe ?
checkRd: (-1) AM.Rd:163-165: Lost braces in \itemize; meant \describe ?
checkRd: (-1) AM.Rd:166-173: Lost braces in \itemize; meant \describe ?
checkRd: (-1) AM.Rd:174-176: Lost braces in \itemize; meant \describe ?
checkRd: (-1) AM.Rd:177-178: Lost braces in \itemize; meant \describe ?
checkRd: (-1) AM.Rd:179-180: Lost braces in \itemize; meant \describe ?
Flavors: r-devel-linux-x86_64-debian-clang, r-devel-linux-x86_64-debian-gcc, r-devel-linux-x86_64-fedora-clang, r-devel-linux-x86_64-fedora-gcc, r-devel-windows-x86_64, r-patched-linux-x86_64, r-release-linux-x86_64, r-release-macos-arm64, r-release-macos-x86_64, r-release-windows-x86_64, r-oldrel-macos-arm64, r-oldrel-macos-x86_64, r-oldrel-windows-x86_64
Version: 2.5
Check: C++ specification
Result: NOTE
Specified C++11: please drop specification unless essential
Flavors: r-devel-windows-x86_64, r-release-windows-x86_64, r-oldrel-windows-x86_64
Version: 2.5
Check: installed package size
Result: NOTE
installed size is 12.7Mb
sub-directories of 1Mb or more:
libs 11.3Mb
shiny_app 1.1Mb
Flavors: r-oldrel-macos-arm64, r-oldrel-macos-x86_64