Last updated on 2024-08-16 12:49:07 CEST.
Flavor | Version | Tinstall | Tcheck | Ttotal | Status | Flags |
---|---|---|---|---|---|---|
r-devel-linux-x86_64-debian-clang | 0.1.0 | 2.33 | 44.42 | 46.75 | OK | |
r-devel-linux-x86_64-debian-gcc | 0.1.0 | 1.69 | 32.81 | 34.50 | OK | |
r-devel-linux-x86_64-fedora-clang | 0.1.0 | 74.78 | OK | |||
r-devel-linux-x86_64-fedora-gcc | 0.1.0 | 83.56 | OK | |||
r-devel-windows-x86_64 | 0.1.0 | 4.00 | 70.00 | 74.00 | OK | |
r-patched-linux-x86_64 | 0.1.0 | 2.24 | 41.68 | 43.92 | OK | |
r-release-linux-x86_64 | 0.1.0 | 2.12 | 42.29 | 44.41 | OK | |
r-release-macos-arm64 | 0.1.0 | 35.00 | OK | |||
r-release-macos-x86_64 | 0.1.0 | 51.00 | OK | |||
r-release-windows-x86_64 | 0.1.0 | 5.00 | 71.00 | 76.00 | OK | |
r-oldrel-macos-arm64 | 0.1.0 | 36.00 | OK | |||
r-oldrel-macos-x86_64 | 0.1.0 | 53.00 | NOTE | |||
r-oldrel-windows-x86_64 | 0.1.0 | 5.00 | 79.00 | 84.00 | OK |
Version: 0.1.0
Check: package dependencies
Result: NOTE
Package suggested but not available for checking: ‘PerformanceAnalytics’
Flavor: r-oldrel-macos-x86_64