Last updated on 2024-03-28 09:51:41 CET.
Flavor | Version | Tinstall | Tcheck | Ttotal | Status | Flags |
---|---|---|---|---|---|---|
r-devel-linux-x86_64-debian-clang | 2.0.4 | 34.69 | 626.04 | 660.73 | OK | |
r-devel-linux-x86_64-debian-gcc | 2.0.4 | 29.73 | 448.32 | 478.05 | OK | |
r-devel-linux-x86_64-fedora-clang | 2.0.4 | 803.99 | NOTE | |||
r-devel-linux-x86_64-fedora-gcc | 2.0.4 | 859.61 | NOTE | |||
r-devel-windows-x86_64 | 2.0.4 | 32.00 | 441.00 | 473.00 | OK | |
r-patched-linux-x86_64 | 2.0.4 | 24.77 | 606.50 | 631.27 | OK | |
r-release-linux-x86_64 | 2.0.4 | 25.05 | 611.24 | 636.29 | OK | |
r-release-macos-arm64 | 2.0.4 | 195.00 | OK | |||
r-release-macos-x86_64 | 2.0.4 | 367.00 | OK | |||
r-release-windows-x86_64 | 2.0.4 | 44.00 | 552.00 | 596.00 | OK | |
r-oldrel-macos-arm64 | 2.0.4 | 175.00 | OK | |||
r-oldrel-windows-x86_64 | 2.0.4 | 49.00 | 522.00 | 571.00 | OK |
Version: 2.0.4
Check: data for non-ASCII characters
Result: NOTE
Note: found 2 marked UTF-8 strings
Flavors: r-devel-linux-x86_64-fedora-clang, r-devel-linux-x86_64-fedora-gcc