Last updated on 2025-04-29 12:52:35 CEST.
Flavor | Version | Tinstall | Tcheck | Ttotal | Status | Flags |
---|---|---|---|---|---|---|
r-devel-linux-x86_64-debian-clang | 1.0 | 2.18 | 40.86 | 43.04 | NOTE | |
r-devel-linux-x86_64-debian-gcc | 1.0 | 1.59 | 28.16 | 29.75 | NOTE | |
r-devel-linux-x86_64-fedora-clang | 1.0 | 70.40 | OK | |||
r-devel-linux-x86_64-fedora-gcc | 1.0 | 66.98 | OK | |||
r-devel-windows-x86_64 | 1.0 | 4.00 | 61.00 | 65.00 | OK | |
r-patched-linux-x86_64 | 1.0 | 2.30 | 39.41 | 41.71 | OK | |
r-release-linux-x86_64 | 1.0 | 1.99 | 39.57 | 41.56 | OK | |
r-release-macos-arm64 | 1.0 | 30.00 | OK | |||
r-release-macos-x86_64 | 1.0 | 41.00 | OK | |||
r-release-windows-x86_64 | 1.0 | 3.00 | 60.00 | 63.00 | OK | |
r-oldrel-macos-arm64 | 1.0 | 23.00 | OK | |||
r-oldrel-macos-x86_64 | 1.0 | 36.00 | OK | |||
r-oldrel-windows-x86_64 | 1.0 | 3.00 | 58.00 | 61.00 | OK |
Version: 1.0
Check: CRAN incoming feasibility
Result: NOTE
Maintainer: ‘Linsui Deng <denglinsui@gmail.com>’
No Authors@R field in DESCRIPTION.
Please add one, modifying
Authors@R: person(given = "Linsui",
family = "Deng",
role = c("aut", "cre"),
email = "denglinsui@gmail.com")
as necessary.
Flavors: r-devel-linux-x86_64-debian-clang, r-devel-linux-x86_64-debian-gcc
Version: 1.0
Check: examples
Result: NOTE
Examples with CPU (user + system) or elapsed time > 5s
user system elapsed
EMSNM-package 5.816 0.008 6.95
Flavor: r-devel-linux-x86_64-debian-clang