Last updated on 2025-02-21 10:51:37 CET.
Flavor | Version | Tinstall | Tcheck | Ttotal | Status | Flags |
---|---|---|---|---|---|---|
r-devel-linux-x86_64-debian-clang | 2.0.5 | 1.73 | 20.00 | 21.73 | NOTE | |
r-devel-linux-x86_64-debian-gcc | 2.0.5 | 1.54 | 16.52 | 18.06 | NOTE | |
r-devel-linux-x86_64-fedora-clang | 2.0.5 | 34.50 | OK | |||
r-devel-linux-x86_64-fedora-gcc | 2.0.5 | 33.20 | OK | |||
r-devel-macos-arm64 | 2.0.5 | 17.00 | OK | |||
r-devel-macos-x86_64 | 2.0.5 | 34.00 | OK | |||
r-devel-windows-x86_64 | 2.0.5 | 3.00 | 42.00 | 45.00 | NOTE | |
r-patched-linux-x86_64 | 2.0.5 | 4.18 | 19.39 | 23.57 | OK | |
r-release-linux-x86_64 | 2.0.5 | 1.91 | 19.26 | 21.17 | OK | |
r-release-macos-arm64 | 2.0.5 | 16.00 | OK | |||
r-release-macos-x86_64 | 2.0.5 | 21.00 | OK | |||
r-release-windows-x86_64 | 2.0.5 | 4.00 | 42.00 | 46.00 | OK | |
r-oldrel-macos-arm64 | 2.0.5 | 18.00 | OK | |||
r-oldrel-macos-x86_64 | 2.0.5 | 23.00 | OK | |||
r-oldrel-windows-x86_64 | 2.0.5 | 4.00 | 47.00 | 51.00 | OK |
Version: 2.0.5
Check: Rd cross-references
Result: NOTE
Found the following Rd file(s) with Rd \link{} targets missing package
anchors:
empChurn.Rd: prediction
empCreditScoring.Rd: prediction
Please provide package anchors for all Rd \link{} targets not in the
package itself and the base packages.
Flavors: r-devel-linux-x86_64-debian-clang, r-devel-linux-x86_64-debian-gcc, r-devel-windows-x86_64