Last updated on 2022-07-02 12:53:02 CEST.
Flavor | Version | Tinstall | Tcheck | Ttotal | Status | Flags |
---|---|---|---|---|---|---|
r-devel-linux-x86_64-debian-clang | 0.1.3 | 57.48 | 91.48 | 148.96 | OK | |
r-devel-linux-x86_64-debian-gcc | 0.1.3 | 52.39 | 65.68 | 118.07 | OK | |
r-devel-linux-x86_64-fedora-clang | 0.1.3 | 216.57 | NOTE | |||
r-devel-linux-x86_64-fedora-gcc | 0.1.3 | 203.68 | OK | |||
r-devel-windows-x86_64 | 0.1.3 | 63.00 | 134.00 | 197.00 | OK | |
r-patched-linux-x86_64 | 0.1.3 | 59.37 | 85.47 | 144.84 | OK | |
r-release-linux-x86_64 | 0.1.3 | 52.30 | 87.38 | 139.68 | OK | |
r-release-macos-arm64 | 0.1.3 | 54.00 | NOTE | |||
r-release-macos-x86_64 | 0.1.3 | 87.00 | NOTE | |||
r-release-windows-x86_64 | 0.1.3 | 64.00 | 133.00 | 197.00 | OK | |
r-oldrel-macos-arm64 | 0.1.3 | 61.00 | NOTE | |||
r-oldrel-macos-x86_64 | 0.1.3 | 74.00 | NOTE | |||
r-oldrel-windows-ix86+x86_64 | 0.1.3 | 151.00 | 169.00 | 320.00 | NOTE |
Version: 0.1.3
Check: installed package size
Result: NOTE
installed size is 5.5Mb
sub-directories of 1Mb or more:
data 2.0Mb
libs 2.8Mb
Flavors: r-devel-linux-x86_64-fedora-clang, r-release-macos-arm64, r-release-macos-x86_64, r-oldrel-macos-arm64, r-oldrel-macos-x86_64, r-oldrel-windows-ix86+x86_64