Last updated on 2025-04-29 12:52:35 CEST.
Flavor | Version | Tinstall | Tcheck | Ttotal | Status | Flags |
---|---|---|---|---|---|---|
r-devel-linux-x86_64-debian-clang | 1.0 | 4.47 | 39.42 | 43.89 | NOTE | |
r-devel-linux-x86_64-debian-gcc | 1.0 | 2.83 | 28.40 | 31.23 | NOTE | |
r-devel-linux-x86_64-fedora-clang | 1.0 | 67.79 | OK | |||
r-devel-linux-x86_64-fedora-gcc | 1.0 | 64.82 | OK | |||
r-devel-windows-x86_64 | 1.0 | 6.00 | 59.00 | 65.00 | OK | |
r-patched-linux-x86_64 | 1.0 | 4.33 | 37.40 | 41.73 | OK | |
r-release-linux-x86_64 | 1.0 | 3.50 | 37.36 | 40.86 | OK | |
r-release-macos-arm64 | 1.0 | 23.00 | OK | |||
r-release-macos-x86_64 | 1.0 | 40.00 | OK | |||
r-release-windows-x86_64 | 1.0 | 5.00 | 62.00 | 67.00 | OK | |
r-oldrel-macos-arm64 | 1.0 | 22.00 | OK | |||
r-oldrel-macos-x86_64 | 1.0 | 33.00 | OK | |||
r-oldrel-windows-x86_64 | 1.0 | 4.00 | 66.00 | 70.00 | OK |
Version: 1.0
Check: CRAN incoming feasibility
Result: NOTE
Maintainer: ‘Abbas Parchami <parchami@uk.ac.ir>’
No Authors@R field in DESCRIPTION.
Please add one, modifying
Authors@R: person(given = "Abbas",
family = "Parchami",
role = c("aut", "cre"),
email = "parchami@uk.ac.ir",
comment = "Department of Statistics, Faculty of Mathematics and Computer, Shahid Bahonar University of Kerman, Kerman, Iran")
as necessary.
Flavors: r-devel-linux-x86_64-debian-clang, r-devel-linux-x86_64-debian-gcc
Version: 1.0
Check: examples
Result: NOTE
Examples with CPU (user + system) or elapsed time > 5s
user system elapsed
EM.Trapezoidal 5.172 0.062 6.030
EM.Triangular 4.187 0.047 6.374
Flavor: r-devel-linux-x86_64-debian-clang