CRAN Package Check Results for Package ELISAtools

Last updated on 2023-01-27 11:49:26 CET.

Flavor Version Tinstall Tcheck Ttotal Status Flags
r-devel-linux-x86_64-debian-clang 0.1.5 3.95 48.68 52.63 NOTE
r-devel-linux-x86_64-debian-gcc 0.1.5 3.00 37.51 40.51 NOTE
r-devel-linux-x86_64-fedora-clang 0.1.5 73.11 NOTE
r-devel-linux-x86_64-fedora-gcc 0.1.5 78.28 NOTE
r-devel-windows-x86_64 0.1.5 43.00 93.00 136.00 NOTE
r-patched-linux-x86_64 0.1.5 5.47 47.73 53.20 NOTE
r-release-linux-x86_64 0.1.5 4.98 47.34 52.32 NOTE
r-release-macos-arm64 0.1.5 29.00 NOTE
r-release-macos-x86_64 0.1.5 36.00 NOTE
r-release-windows-x86_64 0.1.5 46.00 98.00 144.00 NOTE
r-oldrel-macos-arm64 0.1.5 28.00 NOTE
r-oldrel-macos-x86_64 0.1.5 44.00 NOTE
r-oldrel-windows-ix86+x86_64 0.1.5 10.00 81.00 91.00 NOTE

Check Details

Version: 0.1.5
Check: LazyData
Result: NOTE
     'LazyData' is specified without a 'data' directory
Flavors: r-devel-linux-x86_64-debian-clang, r-devel-linux-x86_64-debian-gcc, r-devel-linux-x86_64-fedora-clang, r-devel-linux-x86_64-fedora-gcc, r-devel-windows-x86_64, r-patched-linux-x86_64, r-release-linux-x86_64, r-release-macos-arm64, r-release-macos-x86_64, r-release-windows-x86_64, r-oldrel-macos-arm64, r-oldrel-macos-x86_64, r-oldrel-windows-ix86+x86_64