Last updated on 2022-06-25 10:53:02 CEST.
Flavor | Version | Tinstall | Tcheck | Ttotal | Status | Flags |
---|---|---|---|---|---|---|
r-devel-linux-x86_64-debian-clang | 2.0.4 | 6.34 | 52.38 | 58.72 | OK | |
r-devel-linux-x86_64-debian-gcc | 2.0.4 | 3.62 | 39.46 | 43.08 | OK | |
r-devel-linux-x86_64-fedora-clang | 2.0.4 | 79.32 | OK | |||
r-devel-linux-x86_64-fedora-gcc | 2.0.4 | 79.03 | OK | |||
r-devel-windows-x86_64 | 2.0.4 | 27.00 | 84.00 | 111.00 | OK | |
r-patched-linux-x86_64 | 2.0.4 | 13.43 | 50.30 | 63.73 | OK | |
r-release-linux-x86_64 | 2.0.4 | 3.82 | 50.38 | 54.20 | OK | |
r-release-macos-arm64 | 2.0.4 | 30.00 | ERROR | |||
r-release-macos-x86_64 | 2.0.4 | 41.00 | OK | |||
r-release-windows-x86_64 | 2.0.4 | 25.00 | 81.00 | 106.00 | OK | |
r-oldrel-macos-arm64 | 2.0.4 | 28.00 | ERROR | |||
r-oldrel-macos-x86_64 | 2.0.4 | 48.00 | OK | |||
r-oldrel-windows-ix86+x86_64 | 2.0.4 | 12.00 | 74.00 | 86.00 | OK |
Version: 2.0.4
Check: tests
Result: ERROR
Running ‘testthat.R’ [1s/1s]
Running the tests in ‘tests/testthat.R’ failed.
Last 13 lines of output:
> library(EGRETci)
> test_check("EGRETci")
[ FAIL 1 | WARN 0 | SKIP 10 | PASS 16 ]
══ Skipped tests ═══════════════════════════════════════════════════════════════
• On CRAN (10)
══ Failed tests ════════════════════════════════════════════════════════════════
── Failure (tests_boot_tests.R:112:3): paVector ────────────────────────────────
`paIndexWinter` not equal to 11:13.
Lengths differ: 4 is not 3
[ FAIL 1 | WARN 0 | SKIP 10 | PASS 16 ]
Error: Test failures
Execution halted
Flavors: r-release-macos-arm64, r-oldrel-macos-arm64