Last updated on 2023-09-24 12:28:16 CEST.
Flavor | Version | Tinstall | Tcheck | Ttotal | Status | Flags |
---|---|---|---|---|---|---|
r-devel-linux-x86_64-debian-clang | 0.4.4 | 97.46 | 422.94 | 520.40 | NOTE | |
r-devel-linux-x86_64-debian-gcc | 0.4.4 | 71.55 | 339.39 | 410.94 | NOTE | |
r-devel-linux-x86_64-fedora-clang | 0.4.4 | 718.87 | NOTE | |||
r-devel-linux-x86_64-fedora-gcc | 0.4.4 | 678.38 | NOTE | |||
r-devel-windows-x86_64 | 0.4.4 | 78.00 | 377.00 | 455.00 | NOTE | |
r-patched-linux-x86_64 | 0.4.4 | 76.34 | 424.14 | 500.48 | NOTE | |
r-release-linux-x86_64 | 0.4.4 | 86.61 | 426.99 | 513.60 | NOTE | |
r-release-macos-arm64 | 0.4.4 | 186.00 | NOTE | |||
r-release-macos-x86_64 | 0.4.4 | 332.00 | NOTE | |||
r-release-windows-x86_64 | 0.4.4 | 102.00 | 437.00 | 539.00 | NOTE | |
r-oldrel-macos-arm64 | 0.4.4 | 166.00 | OK | |||
r-oldrel-macos-x86_64 | 0.4.4 | 229.00 | OK | |||
r-oldrel-windows-x86_64 | 0.4.4 | 95.00 | 426.00 | 521.00 | OK |
Version: 0.4.4
Check: C++ specification
Result: NOTE
Specified C++11: please drop specification unless essential
Flavors: r-devel-linux-x86_64-debian-clang, r-devel-linux-x86_64-debian-gcc, r-devel-linux-x86_64-fedora-clang, r-devel-linux-x86_64-fedora-gcc, r-devel-windows-x86_64, r-patched-linux-x86_64, r-release-linux-x86_64, r-release-macos-arm64, r-release-macos-x86_64, r-release-windows-x86_64
Version: 0.4.4
Check: dependencies in R code
Result: NOTE
Namespace in Imports field not imported from: ‘progress’
All declared Imports should be used.
Flavors: r-devel-linux-x86_64-fedora-clang, r-devel-linux-x86_64-fedora-gcc