Last updated on 2024-04-18 12:52:43 CEST.
Flavor | Version | Tinstall | Tcheck | Ttotal | Status | Flags |
---|---|---|---|---|---|---|
r-devel-linux-x86_64-debian-clang | 0.4.4 | 88.68 | 452.57 | 541.25 | NOTE | |
r-devel-linux-x86_64-debian-gcc | 0.4.4 | 75.51 | 333.70 | 409.21 | NOTE | |
r-devel-linux-x86_64-fedora-clang | 0.4.4 | 686.42 | NOTE | |||
r-devel-linux-x86_64-fedora-gcc | 0.4.4 | 676.86 | NOTE | |||
r-prerel-macos-arm64 | 0.4.4 | 176.00 | NOTE | |||
r-prerel-windows-x86_64 | 0.4.4 | 77.00 | 378.00 | 455.00 | NOTE | |
r-patched-linux-x86_64 | 0.4.4 | 105.71 | 437.11 | 542.82 | NOTE | |
r-release-linux-x86_64 | 0.4.4 | 93.63 | 433.67 | 527.30 | NOTE | |
r-release-macos-arm64 | 0.4.4 | 186.00 | NOTE | |||
r-release-macos-x86_64 | 0.4.4 | 332.00 | NOTE | |||
r-release-windows-x86_64 | 0.4.4 | 103.00 | 448.00 | 551.00 | NOTE | |
r-oldrel-macos-arm64 | 0.4.4 | 166.00 | OK | |||
r-oldrel-windows-x86_64 | 0.4.4 | 98.00 | 469.00 | 567.00 | OK |
Version: 0.4.4
Check: C++ specification
Result: NOTE
Specified C++11: please drop specification unless essential
Flavors: r-devel-linux-x86_64-debian-clang, r-devel-linux-x86_64-debian-gcc, r-devel-linux-x86_64-fedora-clang, r-devel-linux-x86_64-fedora-gcc, r-prerel-macos-arm64, r-prerel-windows-x86_64, r-patched-linux-x86_64, r-release-linux-x86_64, r-release-macos-arm64, r-release-macos-x86_64, r-release-windows-x86_64
Version: 0.4.4
Check: dependencies in R code
Result: NOTE
Namespace in Imports field not imported from: ‘progress’
All declared Imports should be used.
Flavors: r-devel-linux-x86_64-fedora-clang, r-devel-linux-x86_64-fedora-gcc