CRAN Package Check Results for Package EFA.MRFA

Last updated on 2024-05-27 12:51:27 CEST.

Flavor Version Tinstall Tcheck Ttotal Status Flags
r-devel-linux-x86_64-debian-clang 1.1.2 3.59 45.71 49.30 OK
r-devel-linux-x86_64-debian-gcc 1.1.2 3.53 33.60 37.13 OK
r-devel-linux-x86_64-fedora-clang 1.1.2 60.81 NOTE
r-devel-linux-x86_64-fedora-gcc 1.1.2 56.76 NOTE
r-devel-windows-x86_64 1.1.2 5.00 53.00 58.00 OK
r-patched-linux-x86_64 1.1.2 4.57 42.58 47.15 OK
r-release-linux-x86_64 1.1.2 4.02 42.12 46.14 OK
r-release-macos-arm64 1.1.2 22.00 OK
r-release-windows-x86_64 1.1.2 5.00 53.00 58.00 OK
r-oldrel-macos-arm64 1.1.2 21.00 OK
r-oldrel-macos-x86_64 1.1.2 31.00 OK
r-oldrel-windows-x86_64 1.1.2 6.00 59.00 65.00 OK

Check Details

Version: 1.1.2
Check: dependencies in R code
Result: NOTE Namespace in Imports field not imported from: ‘PCovR’ All declared Imports should be used. Flavors: r-devel-linux-x86_64-fedora-clang, r-devel-linux-x86_64-fedora-gcc