Last updated on 2022-07-02 12:53:02 CEST.
Flavor | Version | Tinstall | Tcheck | Ttotal | Status | Flags |
---|---|---|---|---|---|---|
r-devel-linux-x86_64-debian-clang | 1.1.2 | 4.39 | 45.25 | 49.64 | OK | |
r-devel-linux-x86_64-debian-gcc | 1.1.2 | 2.55 | 33.50 | 36.05 | OK | |
r-devel-linux-x86_64-fedora-clang | 1.1.2 | 68.24 | NOTE | |||
r-devel-linux-x86_64-fedora-gcc | 1.1.2 | 67.49 | NOTE | |||
r-devel-windows-x86_64 | 1.1.2 | 20.00 | 69.00 | 89.00 | OK | |
r-patched-linux-x86_64 | 1.1.2 | 4.99 | 43.45 | 48.44 | OK | |
r-release-linux-x86_64 | 1.1.2 | 2.98 | 42.08 | 45.06 | OK | |
r-release-macos-arm64 | 1.1.2 | 22.00 | NOTE | |||
r-release-macos-x86_64 | 1.1.2 | 35.00 | NOTE | |||
r-release-windows-x86_64 | 1.1.2 | 16.00 | 68.00 | 84.00 | OK | |
r-oldrel-macos-arm64 | 1.1.2 | 28.00 | NOTE | |||
r-oldrel-macos-x86_64 | 1.1.2 | 28.00 | NOTE | |||
r-oldrel-windows-ix86+x86_64 | 1.1.2 | 10.00 | 69.00 | 79.00 | OK |
Version: 1.1.2
Check: dependencies in R code
Result: NOTE
Namespace in Imports field not imported from: ‘PCovR’
All declared Imports should be used.
Flavors: r-devel-linux-x86_64-fedora-clang, r-devel-linux-x86_64-fedora-gcc, r-release-macos-arm64, r-release-macos-x86_64, r-oldrel-macos-arm64, r-oldrel-macos-x86_64