Last updated on 2024-04-17 10:41:35 CEST.
Flavor | Version | Tinstall | Tcheck | Ttotal | Status | Flags |
---|---|---|---|---|---|---|
r-devel-linux-x86_64-debian-clang | 0.1.0 | 11.10 | 123.20 | 134.30 | OK | |
r-devel-linux-x86_64-debian-gcc | 0.1.0 | 10.01 | 90.66 | 100.67 | OK | |
r-devel-linux-x86_64-fedora-clang | 0.1.0 | 180.42 | NOTE | |||
r-devel-linux-x86_64-fedora-gcc | 0.1.0 | 167.47 | NOTE | |||
r-prerel-macos-arm64 | 0.1.0 | 47.00 | OK | |||
r-prerel-macos-x86_64 | 0.1.0 | 88.00 | OK | |||
r-prerel-windows-x86_64 | 0.1.0 | 13.00 | 96.00 | 109.00 | OK | |
r-patched-linux-x86_64 | 0.1.0 | 8.68 | 115.80 | 124.48 | OK | |
r-release-linux-x86_64 | 0.1.0 | 10.35 | 117.29 | 127.64 | OK | |
r-release-macos-arm64 | 0.1.0 | 53.00 | OK | |||
r-release-macos-x86_64 | 0.1.0 | 84.00 | OK | |||
r-release-windows-x86_64 | 0.1.0 | 17.00 | 118.00 | 135.00 | OK | |
r-oldrel-macos-arm64 | 0.1.0 | 48.00 | NOTE | |||
r-oldrel-windows-x86_64 | 0.1.0 | 19.00 | 117.00 | 136.00 | OK |
Version: 0.1.0
Check: dependencies in R code
Result: NOTE
Namespaces in Imports field not imported from:
‘reticulate’ ‘tensorflow’
All declared Imports should be used.
Flavors: r-devel-linux-x86_64-fedora-clang, r-devel-linux-x86_64-fedora-gcc, r-oldrel-macos-arm64