Last updated on 2024-04-26 12:54:31 CEST.
Flavor | Version | Tinstall | Tcheck | Ttotal | Status | Flags |
---|---|---|---|---|---|---|
r-devel-linux-x86_64-debian-clang | 0.0.3 | 13.64 | 60.16 | 73.80 | OK | |
r-devel-linux-x86_64-debian-gcc | 0.0.3 | 10.90 | 45.40 | 56.30 | OK | |
r-devel-linux-x86_64-fedora-clang | 0.0.3 | 93.03 | NOTE | |||
r-devel-linux-x86_64-fedora-gcc | 0.0.3 | 88.70 | NOTE | |||
r-devel-windows-x86_64 | 0.0.3 | 13.00 | 62.00 | 75.00 | OK | |
r-patched-linux-x86_64 | 0.0.3 | 18.50 | 59.10 | 77.60 | OK | |
r-release-linux-x86_64 | 0.0.3 | 12.32 | 57.78 | 70.10 | OK | |
r-release-macos-arm64 | 0.0.3 | 30.00 | OK | |||
r-release-windows-x86_64 | 0.0.3 | 13.00 | 63.00 | 76.00 | OK | |
r-oldrel-macos-arm64 | 0.0.3 | 40.00 | OK | |||
r-oldrel-macos-x86_64 | 0.0.3 | 63.00 | OK | |||
r-oldrel-windows-x86_64 | 0.0.3 | 16.00 | 73.00 | 89.00 | OK |
Version: 0.0.3
Check: data for non-ASCII characters
Result: NOTE
Note: found 136358 marked UTF-8 strings
Flavors: r-devel-linux-x86_64-fedora-clang, r-devel-linux-x86_64-fedora-gcc