CRAN Package Check Results for Package ECTTDNN

Last updated on 2025-01-24 12:48:42 CET.

Flavor Version Tinstall Tcheck Ttotal Status Flags
r-devel-linux-x86_64-debian-clang 0.1.0 6.14 53.73 59.87 OK
r-devel-linux-x86_64-debian-gcc 0.1.0 5.05 39.18 44.23 OK
r-devel-linux-x86_64-fedora-clang 0.1.0 96.16 OK
r-devel-linux-x86_64-fedora-gcc 0.1.0 95.09 OK
r-devel-windows-x86_64 0.1.0 7.00 68.00 75.00 OK
r-patched-linux-x86_64 0.1.0 4.64 50.31 54.95 NOTE
r-release-linux-x86_64 0.1.0 6.13 50.11 56.24 NOTE
r-release-macos-arm64 0.1.0 31.00 NOTE
r-release-macos-x86_64 0.1.0 45.00 NOTE
r-release-windows-x86_64 0.1.0 8.00 66.00 74.00 NOTE
r-oldrel-macos-arm64 0.1.0 33.00 NOTE
r-oldrel-macos-x86_64 0.1.0 47.00 NOTE
r-oldrel-windows-x86_64 0.1.0 10.00 77.00 87.00 NOTE

Check Details

Version: 0.1.0
Check: LazyData
Result: NOTE 'LazyData' is specified without a 'data' directory Flavors: r-patched-linux-x86_64, r-release-linux-x86_64, r-release-macos-arm64, r-release-macos-x86_64, r-release-windows-x86_64, r-oldrel-macos-arm64, r-oldrel-macos-x86_64, r-oldrel-windows-x86_64