CRAN Package Check Results for Package ECOSolveR

Last updated on 2023-12-03 11:50:33 CET.

Flavor Version Tinstall Tcheck Ttotal Status Flags
r-devel-linux-x86_64-debian-clang 0.5.5 18.76 38.99 57.75 NOTE
r-devel-linux-x86_64-debian-gcc 0.5.5 12.53 30.40 42.93 NOTE
r-devel-linux-x86_64-fedora-clang 0.5.5 67.03 NOTE
r-devel-linux-x86_64-fedora-gcc 0.5.5 79.46 NOTE
r-devel-windows-x86_64 0.5.5 34.00 56.00 90.00 NOTE
r-patched-linux-x86_64 0.5.5 16.91 38.41 55.32 NOTE
r-release-linux-x86_64 0.5.5 16.83 38.78 55.61 NOTE
r-release-macos-arm64 0.5.5 35.00 NOTE
r-release-macos-x86_64 0.5.5 89.00 NOTE
r-release-windows-x86_64 0.5.5 37.00 61.00 98.00 NOTE
r-oldrel-macos-arm64 0.5.5 30.00 NOTE
r-oldrel-macos-x86_64 0.5.5 49.00 NOTE
r-oldrel-windows-x86_64 0.5.5 41.00 67.00 108.00 NOTE

Check Details

Version: 0.5.5
Check: for GNU extensions in Makefiles
Result: NOTE GNU make is a SystemRequirements. Flavors: r-devel-linux-x86_64-debian-clang, r-devel-linux-x86_64-debian-gcc, r-devel-linux-x86_64-fedora-clang, r-devel-linux-x86_64-fedora-gcc, r-devel-windows-x86_64, r-patched-linux-x86_64, r-release-linux-x86_64, r-release-macos-arm64, r-release-macos-x86_64, r-release-windows-x86_64, r-oldrel-macos-arm64, r-oldrel-macos-x86_64, r-oldrel-windows-x86_64