Last updated on 2022-06-25 10:53:02 CEST.
Flavor | Version | Tinstall | Tcheck | Ttotal | Status | Flags |
---|---|---|---|---|---|---|
r-devel-linux-x86_64-debian-clang | 0.5.4 | 14.73 | 39.48 | 54.21 | NOTE | |
r-devel-linux-x86_64-debian-gcc | 0.5.4 | 12.17 | 30.72 | 42.89 | NOTE | |
r-devel-linux-x86_64-fedora-clang | 0.5.4 | 78.45 | NOTE | |||
r-devel-linux-x86_64-fedora-gcc | 0.5.4 | 74.70 | NOTE | |||
r-devel-windows-x86_64 | 0.5.4 | 150.00 | 76.00 | 226.00 | NOTE | |
r-patched-linux-x86_64 | 0.5.4 | 12.39 | 38.52 | 50.91 | NOTE | |
r-release-linux-x86_64 | 0.5.4 | 11.63 | 38.11 | 49.74 | NOTE | |
r-release-macos-arm64 | 0.5.4 | 27.00 | NOTE | |||
r-release-macos-x86_64 | 0.5.4 | 41.00 | NOTE | |||
r-release-windows-x86_64 | 0.5.4 | 176.00 | 75.00 | 251.00 | NOTE | |
r-oldrel-macos-arm64 | 0.5.4 | 54.00 | NOTE | |||
r-oldrel-macos-x86_64 | 0.5.4 | 58.00 | NOTE | |||
r-oldrel-windows-ix86+x86_64 | 0.5.4 | 72.00 | 78.00 | 150.00 | NOTE |
Version: 0.5.4
Check: for GNU extensions in Makefiles
Result: NOTE
GNU make is a SystemRequirements.
Flavors: r-devel-linux-x86_64-debian-clang, r-devel-linux-x86_64-debian-gcc, r-devel-linux-x86_64-fedora-clang, r-devel-linux-x86_64-fedora-gcc, r-devel-windows-x86_64, r-patched-linux-x86_64, r-release-linux-x86_64, r-release-macos-arm64, r-release-macos-x86_64, r-release-windows-x86_64, r-oldrel-macos-arm64, r-oldrel-macos-x86_64, r-oldrel-windows-ix86+x86_64