CRAN Package Check Results for Package ECLRMC

Last updated on 2022-08-14 11:52:58 CEST.

Flavor Version Tinstall Tcheck Ttotal Status Flags
r-devel-linux-x86_64-debian-clang 1.0 8.21 64.26 72.47 NOTE
r-devel-linux-x86_64-debian-gcc 1.0 6.48 49.78 56.26 NOTE
r-devel-linux-x86_64-fedora-clang 1.0 101.76 NOTE
r-devel-linux-x86_64-fedora-gcc 1.0 105.92 NOTE
r-devel-windows-x86_64 1.0 11.00 86.00 97.00 NOTE
r-patched-linux-x86_64 1.0 8.77 62.85 71.62 NOTE
r-release-linux-x86_64 1.0 7.43 62.68 70.11 NOTE
r-release-macos-arm64 1.0 30.00 NOTE
r-release-macos-x86_64 1.0 42.00 NOTE
r-release-windows-x86_64 1.0 10.00 86.00 96.00 NOTE
r-oldrel-macos-arm64 1.0 34.00 NOTE
r-oldrel-macos-x86_64 1.0 58.00 NOTE
r-oldrel-windows-ix86+x86_64 1.0 18.00 81.00 99.00 NOTE

Check Details

Version: 1.0
Check: LazyData
Result: NOTE
     'LazyData' is specified without a 'data' directory
Flavors: r-devel-linux-x86_64-debian-clang, r-devel-linux-x86_64-debian-gcc, r-devel-linux-x86_64-fedora-clang, r-devel-linux-x86_64-fedora-gcc, r-devel-windows-x86_64, r-patched-linux-x86_64, r-release-linux-x86_64, r-release-macos-arm64, r-release-macos-x86_64, r-release-windows-x86_64, r-oldrel-macos-arm64, r-oldrel-macos-x86_64, r-oldrel-windows-ix86+x86_64