Last updated on 2024-03-28 09:51:41 CET.
Flavor | Version | Tinstall | Tcheck | Ttotal | Status | Flags |
---|---|---|---|---|---|---|
r-devel-linux-x86_64-debian-clang | 1.3 | 26.82 | 47.83 | 74.65 | OK | |
r-devel-linux-x86_64-debian-gcc | 1.3 | 20.58 | 37.83 | 58.41 | OK | |
r-devel-linux-x86_64-fedora-clang | 1.3 | 101.76 | OK | |||
r-devel-linux-x86_64-fedora-gcc | 1.3 | 101.46 | OK | |||
r-devel-windows-x86_64 | 1.3 | 22.00 | 75.00 | 97.00 | OK | |
r-patched-linux-x86_64 | 1.3 | 26.28 | 46.58 | 72.86 | OK | |
r-release-linux-x86_64 | 1.3 | 28.93 | 48.74 | 77.67 | OK | |
r-release-macos-arm64 | 1.3 | 35.00 | NOTE | |||
r-release-macos-x86_64 | 1.3 | 45.00 | NOTE | |||
r-release-windows-x86_64 | 1.3 | 22.00 | 88.00 | 110.00 | NOTE | |
r-oldrel-macos-arm64 | 1.3 | 34.00 | NOTE | |||
r-oldrel-windows-x86_64 | 1.3 | 28.00 | 89.00 | 117.00 | NOTE |
Version: 1.3
Check: installed package size
Result: NOTE
installed size is 5.2Mb
sub-directories of 1Mb or more:
data 3.9Mb
libs 1.2Mb
Flavors: r-release-macos-arm64, r-release-macos-x86_64, r-release-windows-x86_64, r-oldrel-macos-arm64, r-oldrel-windows-x86_64