Last updated on 2025-04-29 12:52:34 CEST.
Flavor | Version | Tinstall | Tcheck | Ttotal | Status | Flags |
---|---|---|---|---|---|---|
r-devel-linux-x86_64-debian-clang | 3.24 | 2.40 | 20.56 | 22.96 | NOTE | |
r-devel-linux-x86_64-debian-gcc | 3.24 | 2.06 | 16.77 | 18.83 | NOTE | |
r-devel-linux-x86_64-fedora-clang | 3.24 | 38.14 | OK | |||
r-devel-linux-x86_64-fedora-gcc | 3.24 | 34.82 | OK | |||
r-devel-windows-x86_64 | 3.24 | 5.00 | 42.00 | 47.00 | OK | |
r-patched-linux-x86_64 | 3.24 | 2.76 | 19.56 | 22.32 | OK | |
r-release-linux-x86_64 | 3.24 | 2.75 | 20.12 | 22.87 | OK | |
r-release-macos-arm64 | 3.24 | 17.00 | OK | |||
r-release-macos-x86_64 | 3.24 | 25.00 | OK | |||
r-release-windows-x86_64 | 3.24 | 6.00 | 42.00 | 48.00 | OK | |
r-oldrel-macos-arm64 | 3.24 | 16.00 | OK | |||
r-oldrel-macos-x86_64 | 3.24 | 22.00 | OK | |||
r-oldrel-windows-x86_64 | 3.24 | 4.00 | 42.00 | 46.00 | OK |
Version: 3.24
Check: CRAN incoming feasibility
Result: NOTE
Maintainer: ‘Yves Rozenholc <yves.rozenholc@u-paris.fr>’
No Authors@R field in DESCRIPTION.
Please add one, modifying
Authors@R: c(person(given = "Yves",
family = "Rozenholc",
role = c("aut", "cre"),
email = "yves.rozenholc@u-paris.fr",
comment = "UR7537, Univ. Paris Cité"),
person(given = "Christophe",
family = "Pouzat",
role = "aut",
comment = "IRMA, CNRS UMR 7501"),
person(given = "Tiffany",
family = "Lieury",
role = "aut",
comment = "Cerebral Physiology lab, Univ. Paris Descartes"))
as necessary.
Flavors: r-devel-linux-x86_64-debian-clang, r-devel-linux-x86_64-debian-gcc