Last updated on 2022-07-05 11:49:52 CEST.
Flavor | Version | Tinstall | Tcheck | Ttotal | Status | Flags |
---|---|---|---|---|---|---|
r-devel-linux-x86_64-debian-clang | 0.4.0 | 42.92 | 97.54 | 140.46 | NOTE | |
r-devel-linux-x86_64-debian-gcc | 0.4.0 | 35.81 | 72.40 | 108.21 | NOTE | |
r-devel-linux-x86_64-fedora-clang | 0.4.0 | 200.06 | NOTE | |||
r-devel-linux-x86_64-fedora-gcc | 0.4.0 | 192.55 | NOTE | |||
r-devel-windows-x86_64 | 0.4.0 | 49.00 | 139.00 | 188.00 | NOTE | |
r-patched-linux-x86_64 | 0.4.0 | 39.51 | 93.48 | 132.99 | NOTE | |
r-release-linux-x86_64 | 0.4.0 | 38.39 | 92.35 | 130.74 | NOTE | |
r-release-macos-arm64 | 0.4.0 | 49.00 | NOTE | |||
r-release-macos-x86_64 | 0.4.0 | 99.00 | NOTE | |||
r-release-windows-x86_64 | 0.4.0 | 49.00 | 142.00 | 191.00 | NOTE | |
r-oldrel-macos-arm64 | 0.4.0 | 57.00 | NOTE | |||
r-oldrel-macos-x86_64 | 0.4.0 | 98.00 | NOTE | |||
r-oldrel-windows-ix86+x86_64 | 0.4.0 | 105.00 | 171.00 | 276.00 | NOTE |
Version: 0.4.0
Check: LazyData
Result: NOTE
'LazyData' is specified without a 'data' directory
Flavors: r-devel-linux-x86_64-debian-clang, r-devel-linux-x86_64-debian-gcc, r-devel-linux-x86_64-fedora-clang, r-devel-linux-x86_64-fedora-gcc, r-devel-windows-x86_64, r-patched-linux-x86_64, r-release-linux-x86_64, r-release-macos-arm64, r-release-macos-x86_64, r-release-windows-x86_64, r-oldrel-macos-arm64, r-oldrel-macos-x86_64, r-oldrel-windows-ix86+x86_64
Version: 0.4.0
Check: dependencies in R code
Result: NOTE
Namespace in Imports field not imported from: ‘Rcpp’
All declared Imports should be used.
Flavors: r-devel-linux-x86_64-fedora-clang, r-devel-linux-x86_64-fedora-gcc, r-release-macos-arm64, r-release-macos-x86_64, r-oldrel-macos-arm64, r-oldrel-macos-x86_64