Last updated on 2023-09-23 11:50:15 CEST.
Flavor | Version | Tinstall | Tcheck | Ttotal | Status | Flags |
---|---|---|---|---|---|---|
r-devel-linux-x86_64-debian-clang | 0.1.1 | 15.38 | 122.06 | 137.44 | OK | |
r-devel-linux-x86_64-debian-gcc | 0.1.1 | 13.24 | 101.02 | 114.26 | OK | |
r-devel-linux-x86_64-fedora-clang | 0.1.1 | 165.87 | NOTE | |||
r-devel-linux-x86_64-fedora-gcc | 0.1.1 | 174.81 | NOTE | |||
r-devel-windows-x86_64 | 0.1.1 | 15.00 | 108.00 | 123.00 | OK | |
r-patched-linux-x86_64 | 0.1.1 | 14.80 | 112.81 | 127.61 | OK | |
r-release-linux-x86_64 | 0.1.1 | 16.63 | 112.41 | 129.04 | OK | |
r-release-macos-arm64 | 0.1.1 | 58.00 | OK | |||
r-release-macos-x86_64 | 0.1.1 | 127.00 | OK | |||
r-release-windows-x86_64 | 0.1.1 | 19.00 | 121.00 | 140.00 | OK | |
r-oldrel-macos-arm64 | 0.1.1 | 57.00 | OK | |||
r-oldrel-macos-x86_64 | 0.1.1 | 83.00 | OK | |||
r-oldrel-windows-x86_64 | 0.1.1 | 21.00 | 128.00 | 149.00 | OK |
Version: 0.1.1
Check: dependencies in R code
Result: NOTE
Namespace in Imports field not imported from: ‘base’
All declared Imports should be used.
Flavors: r-devel-linux-x86_64-fedora-clang, r-devel-linux-x86_64-fedora-gcc