Last updated on 2025-05-09 10:49:26 CEST.
Flavor | Version | Tinstall | Tcheck | Ttotal | Status | Flags |
---|---|---|---|---|---|---|
r-devel-linux-x86_64-debian-clang | 1.0 | 17.70 | 52.44 | 70.14 | NOTE | |
r-devel-linux-x86_64-debian-gcc | 1.0 | 13.17 | 40.92 | 54.09 | NOTE | |
r-devel-linux-x86_64-fedora-clang | 1.0 | 127.34 | OK | |||
r-devel-linux-x86_64-fedora-gcc | 1.0 | 129.10 | OK | |||
r-devel-windows-x86_64 | 1.0 | 23.00 | 88.00 | 111.00 | OK | |
r-patched-linux-x86_64 | 1.0 | 18.09 | 49.56 | 67.65 | OK | |
r-release-linux-x86_64 | 1.0 | 16.27 | 50.00 | 66.27 | OK | |
r-release-macos-arm64 | 1.0 | 59.00 | OK | |||
r-release-macos-x86_64 | 1.0 | 111.00 | OK | |||
r-release-windows-x86_64 | 1.0 | 23.00 | 87.00 | 110.00 | OK | |
r-oldrel-macos-arm64 | 1.0 | 44.00 | OK | |||
r-oldrel-macos-x86_64 | 1.0 | 67.00 | OK | |||
r-oldrel-windows-x86_64 | 1.0 | 27.00 | 114.00 | 141.00 | OK |
Version: 1.0
Check: CRAN incoming feasibility
Result: NOTE
Maintainer: ‘Il-Youp Kwak <ilyoup.kwak@gmail.com>’
No Authors@R field in DESCRIPTION.
Please add one, modifying
Authors@R: c(person(given = c("Il-Youp", "Kwak", "with", "contributions", "from", "Wuming"),
family = "Gong",
role = "aut"),
person(given = "Il-Youp",
family = "Kwak",
role = "cre",
email = "ilyoup.kwak@gmail.com"))
as necessary.
Flavors: r-devel-linux-x86_64-debian-clang, r-devel-linux-x86_64-debian-gcc