Last updated on 2024-03-28 09:51:41 CET.
Flavor | Version | Tinstall | Tcheck | Ttotal | Status | Flags |
---|---|---|---|---|---|---|
r-devel-linux-x86_64-debian-clang | 1.2.6 | 7.71 | 68.00 | 75.71 | NOTE | |
r-devel-linux-x86_64-debian-gcc | 1.2.6 | 6.23 | 51.57 | 57.80 | NOTE | |
r-devel-linux-x86_64-fedora-clang | 1.2.6 | 98.06 | NOTE | |||
r-devel-linux-x86_64-fedora-gcc | 1.2.6 | 98.39 | NOTE | |||
r-devel-windows-x86_64 | 1.2.6 | 8.00 | 68.00 | 76.00 | NOTE | |
r-patched-linux-x86_64 | 1.2.6 | 5.50 | 66.45 | 71.95 | NOTE | |
r-release-linux-x86_64 | 1.2.6 | 5.26 | 66.25 | 71.51 | NOTE | |
r-release-macos-arm64 | 1.2.6 | 29.00 | NOTE | |||
r-release-macos-x86_64 | 1.2.6 | 43.00 | NOTE | |||
r-release-windows-x86_64 | 1.2.6 | 11.00 | 75.00 | 86.00 | NOTE | |
r-oldrel-macos-arm64 | 1.2.6 | 29.00 | NOTE | |||
r-oldrel-windows-x86_64 | 1.2.6 | 12.00 | 88.00 | 100.00 | NOTE |
Version: 1.2.6
Check: LazyData
Result: NOTE
'LazyData' is specified without a 'data' directory
Flavors: r-devel-linux-x86_64-debian-clang, r-devel-linux-x86_64-debian-gcc, r-devel-linux-x86_64-fedora-clang, r-devel-linux-x86_64-fedora-gcc, r-devel-windows-x86_64, r-patched-linux-x86_64, r-release-linux-x86_64, r-release-macos-arm64, r-release-macos-x86_64, r-release-windows-x86_64, r-oldrel-macos-arm64, r-oldrel-windows-x86_64