CRAN Package Check Results for Package DistributionFitR

Last updated on 2022-07-05 11:49:51 CEST.

Flavor Version Tinstall Tcheck Ttotal Status Flags
r-devel-linux-x86_64-debian-clang 0.1 5.52 55.29 60.81 NOTE
r-devel-linux-x86_64-debian-gcc 0.1 4.04 42.59 46.63 NOTE
r-devel-linux-x86_64-fedora-clang 0.1 80.89 NOTE
r-devel-linux-x86_64-fedora-gcc 0.1 85.80 NOTE
r-devel-windows-x86_64 0.1 71.00 98.00 169.00 NOTE
r-patched-linux-x86_64 0.1 4.96 52.53 57.49 NOTE
r-release-linux-x86_64 0.1 5.80 53.21 59.01 NOTE
r-release-macos-arm64 0.1 38.00 NOTE
r-release-macos-x86_64 0.1 54.00 NOTE
r-release-windows-x86_64 0.1 110.00 105.00 215.00 NOTE
r-oldrel-macos-arm64 0.1 48.00 NOTE
r-oldrel-macos-x86_64 0.1 79.00 NOTE
r-oldrel-windows-ix86+x86_64 0.1 14.00 77.00 91.00 NOTE

Additional issues

donttest

Check Details

Version: 0.1
Check: LazyData
Result: NOTE
     'LazyData' is specified without a 'data' directory
Flavors: r-devel-linux-x86_64-debian-clang, r-devel-linux-x86_64-debian-gcc, r-devel-linux-x86_64-fedora-clang, r-devel-linux-x86_64-fedora-gcc, r-devel-windows-x86_64, r-patched-linux-x86_64, r-release-linux-x86_64, r-release-macos-arm64, r-release-macos-x86_64, r-release-windows-x86_64, r-oldrel-macos-arm64, r-oldrel-macos-x86_64, r-oldrel-windows-ix86+x86_64