CRAN Package Check Results for Package DisimForMixed

Last updated on 2023-02-04 12:57:11 CET.

Flavor Version Tinstall Tcheck Ttotal Status Flags
r-devel-linux-x86_64-debian-clang 0.2 2.25 74.64 76.89 NOTE
r-devel-linux-x86_64-debian-gcc 0.2 1.84 54.25 56.09 NOTE
r-devel-linux-x86_64-fedora-clang 0.2 105.32 NOTE
r-devel-linux-x86_64-fedora-gcc 0.2 90.04 NOTE
r-devel-windows-x86_64 0.2 22.00 105.00 127.00 NOTE
r-patched-linux-x86_64 0.2 2.35 70.95 73.30 NOTE
r-release-linux-x86_64 0.2 2.40 69.49 71.89 NOTE
r-release-macos-arm64 0.2 16.00 NOTE
r-release-macos-x86_64 0.2 46.00 NOTE
r-release-windows-x86_64 0.2 15.00 106.00 121.00 NOTE
r-oldrel-macos-arm64 0.2 21.00 NOTE
r-oldrel-macos-x86_64 0.2 31.00 NOTE
r-oldrel-windows-ix86+x86_64 0.2 5.00 108.00 113.00 NOTE

Check Details

Version: 0.2
Check: LazyData
Result: NOTE
     'LazyData' is specified without a 'data' directory
Flavors: r-devel-linux-x86_64-debian-clang, r-devel-linux-x86_64-debian-gcc, r-devel-linux-x86_64-fedora-clang, r-devel-linux-x86_64-fedora-gcc, r-devel-windows-x86_64, r-patched-linux-x86_64, r-release-linux-x86_64, r-release-macos-arm64, r-release-macos-x86_64, r-release-windows-x86_64, r-oldrel-macos-arm64, r-oldrel-macos-x86_64, r-oldrel-windows-ix86+x86_64