CRAN Package Check Results for Package DisimForMixed

Last updated on 2025-05-12 13:50:10 CEST.

Flavor Version Tinstall Tcheck Ttotal Status Flags
r-devel-linux-x86_64-debian-clang 0.2 1.69 22.06 23.75 NOTE
r-devel-linux-x86_64-debian-gcc 0.2 1.54 16.99 18.53 NOTE
r-devel-linux-x86_64-fedora-clang 0.2 37.84 OK
r-devel-linux-x86_64-fedora-gcc 0.2 35.89 OK
r-devel-windows-x86_64 0.2 3.00 41.00 44.00 OK
r-patched-linux-x86_64 0.2 2.05 21.08 23.13 OK
r-release-linux-x86_64 0.2 1.89 21.14 23.03 OK
r-release-macos-arm64 0.2 18.00 OK
r-release-macos-x86_64 0.2 25.00 OK
r-release-windows-x86_64 0.2 4.00 44.00 48.00 OK
r-oldrel-macos-arm64 0.2 17.00 NOTE
r-oldrel-macos-x86_64 0.2 22.00 NOTE
r-oldrel-windows-x86_64 0.2 3.00 50.00 53.00 NOTE

Check Details

Version: 0.2
Check: CRAN incoming feasibility
Result: NOTE Maintainer: ‘Hasanthi A. Pathberiya <hasanthi@sjp.ac.lk>’ No Authors@R field in DESCRIPTION. Please add one, modifying Authors@R: person(given = c("Hasanthi", "A."), family = "Pathberiya", role = c("aut", "cre"), email = "hasanthi@sjp.ac.lk") as necessary. Flavors: r-devel-linux-x86_64-debian-clang, r-devel-linux-x86_64-debian-gcc

Version: 0.2
Check: LazyData
Result: NOTE 'LazyData' is specified without a 'data' directory Flavors: r-oldrel-macos-arm64, r-oldrel-macos-x86_64, r-oldrel-windows-x86_64