CRAN Package Check Results for Package DiscreteGapStatistic

Last updated on 2025-05-12 13:50:10 CEST.

Flavor Version Tinstall Tcheck Ttotal Status Flags
r-devel-linux-x86_64-debian-clang 1.1.2 7.03 63.65 70.68 OK
r-devel-linux-x86_64-debian-gcc 1.1.2 5.50 42.47 47.97 OK
r-devel-linux-x86_64-fedora-clang 1.1.2 106.52 OK
r-devel-linux-x86_64-fedora-gcc 1.1.2 108.13 OK
r-devel-windows-x86_64 1.1.2 9.00 0.00 9.00 FAIL
r-patched-linux-x86_64 1.1.2 7.66 55.80 63.46 OK
r-release-linux-x86_64 1.1.2 6.71 56.84 63.55 OK
r-release-macos-arm64 1.1.2 37.00 OK
r-release-macos-x86_64 1.1.2 50.00 OK
r-release-windows-x86_64 1.1.2 9.00 75.00 84.00 OK
r-oldrel-macos-arm64 1.1.2 53.00 OK
r-oldrel-macos-x86_64 1.1.2 54.00 OK
r-oldrel-windows-x86_64 1.1.2 11.00 92.00 103.00 OK

Check Details

Version: 1.1.2
Check: PDF version of manual
Result: FAIL Check process probably crashed or hung up for 20 minutes ... killed Most likely this happened in the example checks (?), if not, ignore the following last lines of example output: 9 0.6384955 0.7808374 0.6345369 0.6832641 0.8062710 0.4028996 0.5146060 10 0.6384955 0.7808374 0.6693597 0.6832641 0.8062710 0.1565580 0.4091058 8 9 2 3 4 5 6 7 8 9 0.4706394 10 0.5345225 0.2804360 > > > > ### * <FOOTER> > ### > cleanEx() > options(digits = 7L) > base::cat("Time elapsed: ", proc.time() - base::get("ptime", pos = 'CheckExEnv'),"\n") Time elapsed: 1.42 0.25 1.67 NA NA > grDevices::dev.off() null device 1 > ### > ### Local variables: *** > ### mode: outline-minor *** > ### outline-regexp: "\\(> \\)?### [*]+" *** > ### End: *** > quit('no') ======== End of example output (where/before crash/hang up occured ?) ======== Flavor: r-devel-windows-x86_64