Last updated on 2024-04-19 11:56:43 CEST.
Flavor | Version | Tinstall | Tcheck | Ttotal | Status | Flags |
---|---|---|---|---|---|---|
r-devel-linux-x86_64-debian-clang | 2.0.0 | 7.62 | 69.73 | 77.35 | NOTE | |
r-devel-linux-x86_64-debian-gcc | 2.0.0 | NOTE | ||||
r-devel-linux-x86_64-fedora-clang | 2.0.0 | 96.38 | NOTE | |||
r-devel-linux-x86_64-fedora-gcc | 2.0.0 | 90.41 | NOTE | |||
r-prerel-macos-arm64 | 2.0.0 | 30.00 | NOTE | |||
r-prerel-windows-x86_64 | 2.0.0 | 7.00 | 67.00 | 74.00 | NOTE | |
r-patched-linux-x86_64 | 2.0.0 | 8.24 | 66.25 | 74.49 | NOTE | |
r-release-linux-x86_64 | 2.0.0 | 7.25 | 68.65 | 75.90 | NOTE | |
r-release-macos-arm64 | 2.0.0 | 31.00 | NOTE | |||
r-release-macos-x86_64 | 2.0.0 | 49.00 | NOTE | |||
r-release-windows-x86_64 | 2.0.0 | 9.00 | 80.00 | 89.00 | NOTE | |
r-oldrel-macos-arm64 | 2.0.0 | 36.00 | OK | |||
r-oldrel-windows-x86_64 | 2.0.0 | 10.00 | 83.00 | 93.00 | OK |
Version: 2.0.0
Check: Rd files
Result: NOTE
checkRd: (-1) TempDisaggDGP.Rd:79: Escaped LaTeX specials: \&
checkRd: (-1) disaggregate.Rd:56: Escaped LaTeX specials: \&
Flavors: r-devel-linux-x86_64-debian-clang, r-devel-linux-x86_64-debian-gcc, r-devel-linux-x86_64-fedora-clang, r-devel-linux-x86_64-fedora-gcc, r-prerel-macos-arm64, r-prerel-windows-x86_64, r-patched-linux-x86_64, r-release-linux-x86_64, r-release-macos-arm64, r-release-macos-x86_64, r-release-windows-x86_64