Last updated on 2025-05-12 13:50:10 CEST.
Flavor | Version | Tinstall | Tcheck | Ttotal | Status | Flags |
---|---|---|---|---|---|---|
r-devel-linux-x86_64-debian-clang | 1.0.0 | 1.87 | 26.84 | 28.71 | NOTE | |
r-devel-linux-x86_64-debian-gcc | 1.0.0 | 1.69 | 19.22 | 20.91 | NOTE | |
r-devel-linux-x86_64-fedora-clang | 1.0.0 | 44.70 | OK | |||
r-devel-linux-x86_64-fedora-gcc | 1.0.0 | 42.03 | OK | |||
r-devel-windows-x86_64 | 1.0.0 | 3.00 | 46.00 | 49.00 | OK | |
r-patched-linux-x86_64 | 1.0.0 | 2.12 | 25.22 | 27.34 | OK | |
r-release-linux-x86_64 | 1.0.0 | 2.01 | 25.63 | 27.64 | OK | |
r-release-macos-arm64 | 1.0.0 | 18.00 | OK | |||
r-release-macos-x86_64 | 1.0.0 | 30.00 | OK | |||
r-release-windows-x86_64 | 1.0.0 | 3.00 | 48.00 | 51.00 | OK | |
r-oldrel-macos-arm64 | 1.0.0 | 18.00 | OK | |||
r-oldrel-macos-x86_64 | 1.0.0 | 25.00 | OK | |||
r-oldrel-windows-x86_64 | 1.0.0 | 4.00 | 51.00 | 55.00 | OK |
Version: 1.0.0
Check: CRAN incoming feasibility
Result: NOTE
Maintainer: ‘Tao Wang <tao.wang@utsouthwestern.edu>’
No Authors@R field in DESCRIPTION.
Please add one, modifying
Authors@R: person(given = "Tao",
family = "Wang",
role = c("aut", "cre"),
email = "tao.wang@utsouthwestern.edu")
as necessary.
Flavors: r-devel-linux-x86_64-debian-clang, r-devel-linux-x86_64-debian-gcc