Last updated on 2025-04-29 12:52:34 CEST.
Flavor | Version | Tinstall | Tcheck | Ttotal | Status | Flags |
---|---|---|---|---|---|---|
r-devel-linux-x86_64-debian-clang | 1.3 | 2.20 | 18.38 | 20.58 | NOTE | |
r-devel-linux-x86_64-debian-gcc | 1.3 | 1.49 | 15.07 | 16.56 | NOTE | |
r-devel-linux-x86_64-fedora-clang | 1.3 | 32.18 | OK | |||
r-devel-linux-x86_64-fedora-gcc | 1.3 | 30.44 | OK | |||
r-devel-windows-x86_64 | 1.3 | 4.00 | 36.00 | 40.00 | OK | |
r-patched-linux-x86_64 | 1.3 | 2.09 | 17.85 | 19.94 | OK | |
r-release-linux-x86_64 | 1.3 | 1.94 | 17.54 | 19.48 | OK | |
r-release-macos-arm64 | 1.3 | 15.00 | OK | |||
r-release-macos-x86_64 | 1.3 | 23.00 | OK | |||
r-release-windows-x86_64 | 1.3 | 3.00 | 36.00 | 39.00 | OK | |
r-oldrel-macos-arm64 | 1.3 | 14.00 | OK | |||
r-oldrel-macos-x86_64 | 1.3 | 19.00 | OK | |||
r-oldrel-windows-x86_64 | 1.3 | 4.00 | 36.00 | 40.00 | OK |
Version: 1.3
Check: CRAN incoming feasibility
Result: NOTE
Maintainer: ‘Christiana Kartsonaki <christiana.kartsonaki@gmail.com>’
No Authors@R field in DESCRIPTION.
Please add one, modifying
Authors@R: person(given = "Christiana",
family = "Kartsonaki",
role = c("aut", "cre"),
email = "christiana.kartsonaki@gmail.com")
as necessary.
Flavors: r-devel-linux-x86_64-debian-clang, r-devel-linux-x86_64-debian-gcc