CRAN Package Check Results for Package DirectEffects

Last updated on 2022-11-29 09:52:12 CET.

Flavor Version Tinstall Tcheck Ttotal Status Flags
r-devel-linux-x86_64-debian-clang 0.2.1 3.12 50.46 53.58 OK
r-devel-linux-x86_64-debian-gcc 0.2.1 2.42 38.61 41.03 OK
r-devel-linux-x86_64-fedora-clang 0.2.1 77.83 NOTE
r-devel-linux-x86_64-fedora-gcc 0.2.1 76.38 NOTE
r-devel-windows-x86_64 0.2.1 20.00 90.00 110.00 OK
r-patched-linux-x86_64 0.2.1 3.38 47.65 51.03 OK
r-release-linux-x86_64 0.2.1 2.68 50.04 52.72 OK
r-release-macos-arm64 0.2.1 22.00 NOTE
r-release-macos-x86_64 0.2.1 32.00 NOTE
r-release-windows-x86_64 0.2.1 37.00 84.00 121.00 OK
r-oldrel-macos-arm64 0.2.1 24.00 NOTE
r-oldrel-macos-x86_64 0.2.1 46.00 NOTE
r-oldrel-windows-ix86+x86_64 0.2.1 7.00 76.00 83.00 OK

Check Details

Version: 0.2.1
Check: dependencies in R code
Result: NOTE
    Namespace in Imports field not imported from: ‘sandwich’
     All declared Imports should be used.
Flavors: r-devel-linux-x86_64-fedora-clang, r-devel-linux-x86_64-fedora-gcc, r-release-macos-arm64, r-release-macos-x86_64, r-oldrel-macos-arm64, r-oldrel-macos-x86_64