Last updated on 2024-04-17 10:41:34 CEST.
Flavor | Version | Tinstall | Tcheck | Ttotal | Status | Flags |
---|---|---|---|---|---|---|
r-devel-linux-x86_64-debian-clang | 0.1.9 | 6.02 | 37.13 | 43.15 | OK | |
r-devel-linux-x86_64-debian-gcc | 0.1.9 | 3.75 | 26.84 | 30.59 | OK | |
r-devel-linux-x86_64-fedora-clang | 0.1.9 | 52.37 | NOTE | |||
r-devel-linux-x86_64-fedora-gcc | 0.1.9 | 50.33 | OK | |||
r-prerel-macos-arm64 | 0.1.9 | 21.00 | OK | |||
r-prerel-windows-x86_64 | 0.1.9 | 8.00 | 53.00 | 61.00 | OK | |
r-patched-linux-x86_64 | 0.1.9 | 5.20 | 35.19 | 40.39 | OK | |
r-release-linux-x86_64 | 0.1.9 | 4.77 | 34.88 | 39.65 | OK | |
r-release-macos-arm64 | 0.1.9 | 23.00 | OK | |||
r-release-macos-x86_64 | 0.1.9 | 41.00 | OK | |||
r-release-windows-x86_64 | 0.1.9 | 9.00 | 57.00 | 66.00 | OK | |
r-oldrel-macos-arm64 | 0.1.9 | 21.00 | OK | |||
r-oldrel-windows-x86_64 | 0.1.9 | 8.00 | 59.00 | 67.00 | OK |
Version: 0.1.9
Check: installed package size
Result: NOTE
installed size is 5.2Mb
sub-directories of 1Mb or more:
libs 4.9Mb
Flavor: r-devel-linux-x86_64-fedora-clang