Last updated on 2022-06-28 12:52:22 CEST.
Flavor | Version | Tinstall | Tcheck | Ttotal | Status | Flags |
---|---|---|---|---|---|---|
r-devel-linux-x86_64-debian-clang | 1.1 | 34.59 | 277.49 | 312.08 | NOTE | |
r-devel-linux-x86_64-debian-gcc | 1.1 | 26.01 | 202.73 | 228.74 | NOTE | |
r-devel-linux-x86_64-fedora-clang | 1.2 | 386.63 | OK | |||
r-devel-linux-x86_64-fedora-gcc | 1.2 | 385.76 | OK | |||
r-devel-windows-x86_64 | 1.1 | 34.00 | 266.00 | 300.00 | OK | |
r-patched-linux-x86_64 | 1.1 | 20.72 | 260.73 | 281.45 | OK | |
r-release-linux-x86_64 | 1.1 | 21.78 | 261.13 | 282.91 | OK | |
r-release-macos-arm64 | 1.1 | 92.00 | OK | |||
r-release-macos-x86_64 | 1.1 | 154.00 | OK | |||
r-release-windows-x86_64 | 1.1 | 35.00 | 262.00 | 297.00 | OK | |
r-oldrel-macos-arm64 | 1.1 | 146.00 | OK | |||
r-oldrel-macos-x86_64 | 1.1 | 120.00 | OK | |||
r-oldrel-windows-ix86+x86_64 | 1.1 | 66.00 | 268.00 | 334.00 | OK |
Version: 1.1
Check: HTML version of manual
Result: NOTE
Found the following problems:
AdjustPvalue.Rd:19:1: Warning: missing </h2> before <h3>
AdjustPvalue.Rd:29:1: Warning: discarding unexpected </h2>
AdjustPvalue.Rd:23:1: Warning: trimming empty <h3>
BlankPlot.Rd:19:1: Warning: missing </h2> before <h3>
BlankPlot.Rd:29:1: Warning: discarding unexpected </h2>
BlankPlot.Rd:23:1: Warning: trimming empty <h3>
BuildLimmaLM.Rd:19:1: Warning: missing </h2> before <h3>
BuildLimmaLM.Rd:29:1: Warning: discarding unexpected </h2>
BuildLimmaLM.Rd:23:1: Warning: trimming empty <h3>
BuildModMembership.Rd:19:1: Warning: missing </h2> before <h3>
BuildModMembership.Rd:29:1: Warning: discarding unexpected </h2>
BuildModMembership.Rd:23:1: Warning: trimming empty <h3>
DiPALM-package.Rd:19:1: Warning: missing </h2> before <h3>
DiPALM-package.Rd:29:1: Warning: discarding unexpected </h2>
DiPALM-package.Rd:23:1: Warning: trimming empty <h3>
PlotTCs.Rd:19:1: Warning: missing </h2> before <h3>
PlotTCs.Rd:29:1: Warning: discarding unexpected </h2>
PlotTCs.Rd:23:1: Warning: trimming empty <h3>
PlotTCsRibbon.Rd:19:1: Warning: missing </h2> before <h3>
PlotTCsRibbon.Rd:29:1: Warning: discarding unexpected </h2>
PlotTCsRibbon.Rd:23:1: Warning: trimming empty <h3>
exampleData.Rd:19:1: Warning: missing </h2> before <h3>
exampleData.Rd:29:1: Warning: discarding unexpected </h2>
exampleData.Rd:23:1: Warning: trimming empty <h3>
ggPlotMultiDensities.Rd:19:1: Warning: missing </h2> before <h3>
ggPlotMultiDensities.Rd:29:1: Warning: discarding unexpected </h2>
ggPlotMultiDensities.Rd:23:1: Warning: trimming empty <h3>
testData.Rd:19:1: Warning: missing </h2> before <h3>
testData.Rd:29:1: Warning: discarding unexpected </h2>
testData.Rd:23:1: Warning: trimming empty <h3>
Flavors: r-devel-linux-x86_64-debian-clang, r-devel-linux-x86_64-debian-gcc