Last updated on 2024-04-23 10:54:00 CEST.
Flavor | Version | Tinstall | Tcheck | Ttotal | Status | Flags |
---|---|---|---|---|---|---|
r-devel-linux-x86_64-debian-clang | 1.0.2 | 0.59 | 2.29 | 2.88 | ERROR | |
r-devel-linux-x86_64-debian-gcc | 1.0.2 | 21.16 | 158.85 | 180.01 | OK | |
r-devel-linux-x86_64-fedora-clang | 1.0.2 | 305.58 | OK | |||
r-devel-linux-x86_64-fedora-gcc | 1.0.2 | 298.84 | OK | |||
r-prerel-macos-arm64 | 1.0.2 | 83.00 | OK | |||
r-prerel-macos-x86_64 | 1.0.2 | 176.00 | OK | |||
r-prerel-windows-x86_64 | 1.0.2 | 23.00 | 162.00 | 185.00 | OK | |
r-patched-linux-x86_64 | 1.0.2 | 22.39 | 204.17 | 226.56 | OK | |
r-release-linux-x86_64 | 1.0.2 | 20.90 | 221.06 | 241.96 | OK | |
r-release-macos-arm64 | 1.0.2 | 85.00 | OK | |||
r-release-macos-x86_64 | 1.0.2 | 126.00 | OK | |||
r-release-windows-x86_64 | 1.0.2 | 29.00 | 210.00 | 239.00 | OK | |
r-oldrel-macos-arm64 | 1.0.2 | 77.00 | OK | |||
r-oldrel-windows-x86_64 | 1.0.2 | 31.00 | 196.00 | 227.00 | OK |
Version: 1.0.2
Check: package dependencies
Result: ERROR
Package required but not available: ‘biomaRt’
See section ‘The DESCRIPTION file’ in the ‘Writing R Extensions’
manual.
Flavor: r-devel-linux-x86_64-debian-clang