CRAN Package Check Results for Package DetR

Last updated on 2022-06-26 11:52:30 CEST.

Flavor Version Tinstall Tcheck Ttotal Status Flags
r-devel-linux-x86_64-debian-clang 0.0.5 59.46 39.90 99.36 OK
r-devel-linux-x86_64-debian-gcc 0.0.5 46.97 32.53 79.50 OK
r-devel-linux-x86_64-fedora-clang 0.0.5 155.89 NOTE
r-devel-linux-x86_64-fedora-gcc 0.0.5 136.03 OK
r-devel-windows-x86_64 0.0.5 47.00 87.00 134.00 OK
r-patched-linux-x86_64 0.0.5 48.40 40.51 88.91 OK
r-release-linux-x86_64 0.0.5 52.69 40.88 93.57 OK
r-release-macos-arm64 0.0.5 43.00 NOTE
r-release-macos-x86_64 0.0.5 51.00 NOTE
r-release-windows-x86_64 0.0.5 47.00 85.00 132.00 OK
r-oldrel-macos-arm64 0.0.5 48.00 NOTE
r-oldrel-macos-x86_64 0.0.5 71.00 NOTE
r-oldrel-windows-ix86+x86_64 0.0.5 118.00 87.00 205.00 OK

Check Details

Version: 0.0.5
Check: installed package size
Result: NOTE
     installed size is 17.1Mb
     sub-directories of 1Mb or more:
     libs 16.3Mb
Flavors: r-devel-linux-x86_64-fedora-clang, r-release-macos-arm64, r-release-macos-x86_64, r-oldrel-macos-arm64, r-oldrel-macos-x86_64