Last updated on 2024-03-28 09:51:40 CET.
Flavor | Version | Tinstall | Tcheck | Ttotal | Status | Flags |
---|---|---|---|---|---|---|
r-devel-linux-x86_64-debian-clang | 4.1.3 | 4.58 | 45.68 | 50.26 | NOTE | |
r-devel-linux-x86_64-debian-gcc | 4.1.3 | 3.83 | 33.54 | 37.37 | NOTE | |
r-devel-linux-x86_64-fedora-clang | 4.1.3 | 63.70 | NOTE | |||
r-devel-linux-x86_64-fedora-gcc | 4.1.3 | 67.82 | NOTE | |||
r-devel-windows-x86_64 | 4.1.3 | 4.00 | 53.00 | 57.00 | NOTE | |
r-patched-linux-x86_64 | 4.1.3 | 5.53 | 44.06 | 49.59 | NOTE | |
r-release-linux-x86_64 | 4.1.3 | 5.47 | 44.05 | 49.52 | OK | |
r-release-macos-arm64 | 4.1.3 | 22.00 | OK | |||
r-release-macos-x86_64 | 4.1.3 | 33.00 | OK | |||
r-release-windows-x86_64 | 4.1.3 | 6.00 | 56.00 | 62.00 | OK | |
r-oldrel-macos-arm64 | 4.1.3 | 26.00 | OK | |||
r-oldrel-windows-x86_64 | 4.1.3 | 7.00 | 63.00 | 70.00 | OK |
Version: 4.1.3
Check: Rd files
Result: NOTE
checkRd: (-1) Deriv.Rd:33: Lost braces
33 | guessed either from\ code{names(formals(f))} (if \code{f} is a function)
| ^
Flavors: r-devel-linux-x86_64-debian-clang, r-devel-linux-x86_64-debian-gcc, r-devel-linux-x86_64-fedora-clang, r-devel-linux-x86_64-fedora-gcc, r-devel-windows-x86_64, r-patched-linux-x86_64