Last updated on 2024-03-28 09:51:40 CET.
Flavor | Version | Tinstall | Tcheck | Ttotal | Status | Flags |
---|---|---|---|---|---|---|
r-devel-linux-x86_64-debian-clang | 0.1.4 | 5.13 | 117.85 | 122.98 | NOTE | |
r-devel-linux-x86_64-debian-gcc | 0.1.4 | 5.15 | 85.35 | 90.50 | NOTE | |
r-devel-linux-x86_64-fedora-clang | 0.1.4 | 156.75 | NOTE | |||
r-devel-linux-x86_64-fedora-gcc | 0.1.4 | 147.54 | NOTE | |||
r-devel-windows-x86_64 | 0.1.4 | 7.00 | 114.00 | 121.00 | NOTE | |
r-patched-linux-x86_64 | 0.1.4 | 5.54 | 106.78 | 112.32 | NOTE | |
r-release-linux-x86_64 | 0.1.4 | 7.15 | 105.79 | 112.94 | OK | |
r-release-macos-arm64 | 0.1.4 | 63.00 | OK | |||
r-release-macos-x86_64 | 0.1.4 | 96.00 | OK | |||
r-release-windows-x86_64 | 0.1.4 | 9.00 | 126.00 | 135.00 | OK | |
r-oldrel-macos-arm64 | 0.1.4 | 82.00 | OK | |||
r-oldrel-windows-x86_64 | 0.1.4 | 9.00 | 129.00 | 138.00 | OK |
Version: 0.1.4
Check: Rd files
Result: NOTE
checkRd: (-1) conifersIP.Rd:9: Lost braces; missing escapes or markup?
9 | \code{conifersIP} {has following variables:}
| ^
checkRd: (-1) conifersIP.Rd:11: Lost braces in \itemize; meant \describe ?
checkRd: (-1) conifersIP.Rd:12: Lost braces in \itemize; meant \describe ?
checkRd: (-1) conifersIP.Rd:13: Lost braces in \itemize; meant \describe ?
checkRd: (-1) conifersIP.Rd:14: Lost braces in \itemize; meant \describe ?
checkRd: (-1) conifersIP.Rd:15: Lost braces in \itemize; meant \describe ?
checkRd: (-1) sync.Rd:22: Lost braces in \itemize; \value handles \item{}{} directly
checkRd: (-1) sync.Rd:23: Lost braces in \itemize; \value handles \item{}{} directly
checkRd: (-1) sync.Rd:24: Lost braces in \itemize; \value handles \item{}{} directly
checkRd: (-1) sync.Rd:25: Lost braces in \itemize; \value handles \item{}{} directly
checkRd: (-1) sync.Rd:26: Lost braces in \itemize; \value handles \item{}{} directly
checkRd: (-1) sync.Rd:27: Lost braces in \itemize; \value handles \item{}{} directly
checkRd: (-1) sync.Rd:28: Lost braces in \itemize; \value handles \item{}{} directly
Flavors: r-devel-linux-x86_64-debian-clang, r-devel-linux-x86_64-debian-gcc, r-devel-linux-x86_64-fedora-clang, r-devel-linux-x86_64-fedora-gcc, r-devel-windows-x86_64, r-patched-linux-x86_64