Last updated on 2024-04-24 11:20:48 CEST.
Flavor | Version | Tinstall | Tcheck | Ttotal | Status | Flags |
---|---|---|---|---|---|---|
r-devel-linux-x86_64-debian-clang | 1.0.2 | 4.73 | 37.19 | 41.92 | NOTE | |
r-devel-linux-x86_64-debian-gcc | 1.0.2 | 3.64 | 31.33 | 34.97 | NOTE | |
r-devel-linux-x86_64-fedora-clang | 1.0.2 | 54.06 | NOTE | |||
r-devel-linux-x86_64-fedora-gcc | 1.0.2 | 51.44 | NOTE | |||
r-devel-windows-x86_64 | 1.0.2 | 8.00 | 51.00 | 59.00 | NOTE | |
r-patched-linux-x86_64 | 1.0.2 | 4.87 | 38.25 | 43.12 | NOTE | |
r-release-linux-x86_64 | 1.0.2 | 4.47 | 35.07 | 39.54 | NOTE | |
r-release-macos-arm64 | 1.0.2 | 19.00 | NOTE | |||
r-release-windows-x86_64 | 1.0.2 | 7.00 | 53.00 | 60.00 | NOTE | |
r-oldrel-macos-arm64 | 1.0.2 | 18.00 | OK | |||
r-oldrel-macos-x86_64 | 1.0.2 | 28.00 | NOTE | |||
r-oldrel-windows-x86_64 | 1.0.2 | 12.00 | 86.00 | 98.00 | OK |
Version: 1.0.2
Check: Rd files
Result: NOTE
checkRd: (-1) DendSer.Rd:50: Escaped LaTeX specials: \&
Flavors: r-devel-linux-x86_64-debian-clang, r-devel-linux-x86_64-debian-gcc, r-devel-linux-x86_64-fedora-clang, r-devel-linux-x86_64-fedora-gcc, r-devel-windows-x86_64, r-patched-linux-x86_64, r-release-linux-x86_64, r-release-macos-arm64, r-release-windows-x86_64, r-oldrel-macos-x86_64