Last updated on 2024-05-04 11:48:20 CEST.
Flavor | Version | Tinstall | Tcheck | Ttotal | Status | Flags |
---|---|---|---|---|---|---|
r-devel-linux-x86_64-debian-clang | 0.5.0 | 2.83 | 31.10 | 33.93 | OK | |
r-devel-linux-x86_64-debian-gcc | 0.5.0 | 3.19 | 22.92 | 26.11 | OK | |
r-devel-linux-x86_64-fedora-clang | 0.5.0 | 43.47 | NOTE | |||
r-devel-linux-x86_64-fedora-gcc | 0.5.0 | 43.02 | NOTE | |||
r-devel-windows-x86_64 | 0.5.0 | 5.00 | 44.00 | 49.00 | OK | |
r-patched-linux-x86_64 | 0.5.0 | 3.94 | 28.66 | 32.60 | OK | |
r-release-linux-x86_64 | 0.5.0 | 4.24 | 28.68 | 32.92 | OK | |
r-release-macos-arm64 | 0.5.0 | 18.00 | OK | |||
r-release-windows-x86_64 | 0.5.0 | 5.00 | 43.00 | 48.00 | OK | |
r-oldrel-macos-arm64 | 0.5.0 | 21.00 | OK | |||
r-oldrel-macos-x86_64 | 0.5.0 | 25.00 | OK | |||
r-oldrel-windows-x86_64 | 0.5.0 | 6.00 | 44.00 | 50.00 | OK |
Version: 0.5.0
Check: dependencies in R code
Result: NOTE
Namespaces in Imports field not imported from:
‘knitr’ ‘shinyBS’ ‘shinyMatrix’
All declared Imports should be used.
Flavors: r-devel-linux-x86_64-fedora-clang, r-devel-linux-x86_64-fedora-gcc