CRAN Package Check Results for Package DeltaMAN

Last updated on 2022-09-29 10:52:42 CEST.

Flavor Version Tinstall Tcheck Ttotal Status Flags
r-devel-linux-x86_64-debian-clang 0.5.0 3.36 29.85 33.21 OK
r-devel-linux-x86_64-debian-gcc 0.5.0 3.31 23.11 26.42 OK
r-devel-linux-x86_64-fedora-clang 0.5.0 54.04 NOTE
r-devel-linux-x86_64-fedora-gcc 0.5.0 50.83 NOTE
r-devel-windows-x86_64 0.5.0 31.00 56.00 87.00 OK
r-patched-linux-x86_64 0.5.0 4.38 28.79 33.17 OK
r-release-linux-x86_64 0.5.0 3.09 29.47 32.56 OK
r-release-macos-arm64 0.5.0 17.00 NOTE
r-release-macos-x86_64 0.5.0 22.00 NOTE
r-release-windows-x86_64 0.5.0 6.00 55.00 61.00 OK
r-oldrel-macos-arm64 0.5.0 19.00 NOTE
r-oldrel-macos-x86_64 0.5.0 23.00 NOTE
r-oldrel-windows-ix86+x86_64 0.5.0 9.00 54.00 63.00 OK

Check Details

Version: 0.5.0
Check: dependencies in R code
Result: NOTE
    Namespaces in Imports field not imported from:
     ‘knitr’ ‘shinyBS’ ‘shinyMatrix’
     All declared Imports should be used.
Flavors: r-devel-linux-x86_64-fedora-clang, r-devel-linux-x86_64-fedora-gcc, r-release-macos-arm64, r-release-macos-x86_64, r-oldrel-macos-arm64, r-oldrel-macos-x86_64