Last updated on 2022-06-28 12:52:21 CEST.
Flavor | Version | Tinstall | Tcheck | Ttotal | Status | Flags |
---|---|---|---|---|---|---|
r-devel-linux-x86_64-debian-clang | 0.7-9 | 24.26 | 188.46 | 212.72 | NOTE | |
r-devel-linux-x86_64-debian-gcc | 0.7-9 | 19.64 | 139.79 | 159.43 | OK | |
r-devel-linux-x86_64-fedora-clang | 0.7-9 | 235.12 | OK | |||
r-devel-linux-x86_64-fedora-gcc | 0.7-9 | 238.59 | OK | |||
r-devel-windows-x86_64 | 0.7-9 | 547.00 | 199.00 | 746.00 | OK | |
r-patched-linux-x86_64 | 0.7-9 | 29.05 | 181.82 | 210.87 | OK | |
r-release-linux-x86_64 | 0.7-9 | 24.99 | 184.19 | 209.18 | OK | |
r-release-macos-arm64 | 0.7-9 | 59.00 | OK | |||
r-release-macos-x86_64 | 0.7-9 | 118.00 | OK | |||
r-release-windows-x86_64 | 0.7-9 | 465.00 | 199.00 | 664.00 | OK | |
r-oldrel-macos-arm64 | 0.7-9 | 82.00 | OK | |||
r-oldrel-macos-x86_64 | 0.7-9 | 133.00 | OK | |||
r-oldrel-windows-ix86+x86_64 | 0.7-9 | 47.00 | 192.00 | 239.00 | OK |
Version: 0.7-9
Check: R code for possible problems
Result: NOTE
Inconsistency detected by ld.so: dl-open.c: 907: _dl_open: Assertion `_dl_debug_initialize (0, args.nsid)->r_state == RT_CONSISTENT' failed!
Flavor: r-devel-linux-x86_64-debian-clang