Last updated on 2024-03-28 09:51:40 CET.
Flavor | Version | Tinstall | Tcheck | Ttotal | Status | Flags |
---|---|---|---|---|---|---|
r-devel-linux-x86_64-debian-clang | 1.0.6 | 15.39 | 153.97 | 169.36 | OK | |
r-devel-linux-x86_64-debian-gcc | 1.0.6 | 11.13 | 115.50 | 126.63 | OK | |
r-devel-linux-x86_64-fedora-clang | 1.0.6 | 224.32 | OK | |||
r-devel-linux-x86_64-fedora-gcc | 1.0.6 | 197.86 | OK | |||
r-devel-windows-x86_64 | 1.0.6 | 14.00 | 146.00 | 160.00 | OK | |
r-patched-linux-x86_64 | 1.0.6 | 19.71 | 146.42 | 166.13 | OK | |
r-release-linux-x86_64 | 1.0.6 | 11.51 | 149.26 | 160.77 | OK | |
r-release-macos-arm64 | 1.0.6 | 67.00 | OK | |||
r-release-macos-x86_64 | 1.0.6 | 130.00 | NOTE | |||
r-release-windows-x86_64 | 1.0.6 | 17.00 | 166.00 | 183.00 | OK | |
r-oldrel-macos-arm64 | 1.0.6 | 57.00 | OK | |||
r-oldrel-windows-x86_64 | 1.0.6 | 18.00 | 162.00 | 180.00 | OK |
Version: 1.0.6
Check: package dependencies
Result: NOTE
Packages suggested but not available for checking: 'EMD', 'astrochron'
Flavor: r-release-macos-x86_64