CRAN Package Check Results for Package DeclareDesign

Last updated on 2022-07-01 11:51:58 CEST.

Flavor Version Tinstall Tcheck Ttotal Status Flags
r-devel-linux-x86_64-debian-clang 1.0.0 6.59 228.17 234.76 OK
r-devel-linux-x86_64-debian-gcc 1.0.0 5.68 185.90 191.58 OK
r-devel-linux-x86_64-fedora-clang 1.0.0 315.06 NOTE
r-devel-linux-x86_64-fedora-gcc 1.0.0 314.09 OK
r-devel-windows-x86_64 1.0.0 93.00 273.00 366.00 OK
r-patched-linux-x86_64 1.0.0 10.02 237.00 247.02 OK
r-release-linux-x86_64 1.0.0 5.84 232.88 238.72 OK
r-release-macos-arm64 1.0.0 76.00 OK
r-release-macos-x86_64 1.0.0 103.00 OK
r-release-windows-x86_64 1.0.0 138.00 273.00 411.00 OK
r-oldrel-macos-arm64 1.0.0 77.00 OK
r-oldrel-macos-x86_64 1.0.0 97.00 OK
r-oldrel-windows-ix86+x86_64 1.0.0 25.00 264.00 289.00 OK

Check Details

Version: 1.0.0
Check: Rd cross-references
Result: NOTE
    Undeclared package ‘future’ in Rd xrefs
Flavor: r-devel-linux-x86_64-fedora-clang