CRAN Package Check Results for Package DatastreamDSWS2R

Last updated on 2022-06-24 11:52:05 CEST.

Flavor Version Tinstall Tcheck Ttotal Status Flags
r-devel-linux-x86_64-debian-clang 1.8.2 13.68 63.95 77.63 OK
r-devel-linux-x86_64-debian-gcc 1.8.2 11.36 47.00 58.36 OK
r-devel-linux-x86_64-fedora-clang 1.8.2 104.34 NOTE
r-devel-linux-x86_64-fedora-gcc 1.8.2 103.53 NOTE
r-devel-windows-x86_64 1.8.2 84.00 87.00 171.00 OK
r-patched-linux-x86_64 1.8.2 10.51 59.67 70.18 OK
r-release-linux-x86_64 1.8.2 13.16 60.21 73.37 OK
r-release-macos-arm64 1.8.2 26.00 NOTE
r-release-macos-x86_64 1.8.2 54.00 NOTE
r-release-windows-x86_64 1.8.2 77.00 86.00 163.00 OK
r-oldrel-macos-arm64 1.8.2 28.00 NOTE
r-oldrel-macos-x86_64 1.8.2 38.00 NOTE
r-oldrel-windows-ix86+x86_64 1.8.2 31.00 80.00 111.00 OK

Check Details

Version: 1.8.2
Check: data for non-ASCII characters
Result: NOTE
     Note: found 8 marked Latin-1 strings
Flavors: r-devel-linux-x86_64-fedora-clang, r-devel-linux-x86_64-fedora-gcc, r-release-macos-arm64, r-release-macos-x86_64, r-oldrel-macos-arm64, r-oldrel-macos-x86_64