Last updated on 2025-10-21 11:53:21 CEST.
Flavor | Version | Tinstall | Tcheck | Ttotal | Status | Flags |
---|---|---|---|---|---|---|
r-devel-linux-x86_64-debian-clang | 1.9.12 | 11.99 | 49.75 | 61.74 | NOTE | |
r-devel-linux-x86_64-debian-gcc | 1.9.12 | 7.13 | 36.38 | 43.51 | NOTE | |
r-devel-linux-x86_64-fedora-clang | 1.9.12 | 93.64 | OK | |||
r-devel-linux-x86_64-fedora-gcc | 1.9.12 | 24.00 | 64.24 | 88.24 | OK | |
r-devel-windows-x86_64 | 1.9.12 | 13.00 | 63.00 | 76.00 | OK | |
r-patched-linux-x86_64 | 1.9.12 | 11.28 | 46.95 | 58.23 | OK | |
r-release-linux-x86_64 | 1.9.12 | 9.43 | 46.61 | 56.04 | OK | |
r-release-macos-arm64 | 1.9.12 | 32.00 | OK | |||
r-release-macos-x86_64 | 1.9.12 | 9.00 | 43.00 | 52.00 | OK | |
r-release-windows-x86_64 | 1.9.12 | 13.00 | 65.00 | 78.00 | OK | |
r-oldrel-macos-arm64 | 1.9.12 | 41.00 | OK | |||
r-oldrel-macos-x86_64 | 1.9.12 | 58.00 | OK | |||
r-oldrel-windows-x86_64 | 1.9.12 | 18.00 | 79.00 | 97.00 | OK |
Version: 1.9.12
Check: HTML version of manual
Result: NOTE
Found the following HTML validation problems:
cbindRobust.html:52:1 (cbindRobust.Rd:12): Warning: missing </ul> before </div>
Flavors: r-devel-linux-x86_64-debian-clang, r-devel-linux-x86_64-debian-gcc