Last updated on 2022-06-30 11:53:05 CEST.
Flavor | Version | Tinstall | Tcheck | Ttotal | Status | Flags |
---|---|---|---|---|---|---|
r-devel-linux-x86_64-debian-clang | 1.0 | 33.65 | 26.06 | 59.71 | NOTE | |
r-devel-linux-x86_64-debian-gcc | 1.0 | 23.50 | 20.65 | 44.15 | NOTE | |
r-devel-linux-x86_64-fedora-clang | 1.0 | 93.27 | NOTE | |||
r-devel-linux-x86_64-fedora-gcc | 1.0 | 88.66 | NOTE | |||
r-devel-windows-x86_64 | 1.0 | 34.00 | 70.00 | 104.00 | NOTE | |
r-patched-linux-x86_64 | 1.0 | 25.67 | 24.95 | 50.62 | NOTE | |
r-release-linux-x86_64 | 1.0 | 23.45 | 25.44 | 48.89 | NOTE | |
r-release-macos-arm64 | 1.0 | 24.00 | NOTE | |||
r-release-macos-x86_64 | 1.0 | 35.00 | NOTE | |||
r-release-windows-x86_64 | 1.0 | 33.00 | 69.00 | 102.00 | NOTE | |
r-oldrel-macos-arm64 | 1.0 | 28.00 | NOTE | |||
r-oldrel-macos-x86_64 | 1.0 | 50.00 | NOTE | |||
r-oldrel-windows-ix86+x86_64 | 1.0 | 80.00 | 70.00 | 150.00 | NOTE |
Version: 1.0
Check: LazyData
Result: NOTE
'LazyData' is specified without a 'data' directory
Flavors: r-devel-linux-x86_64-debian-clang, r-devel-linux-x86_64-debian-gcc, r-devel-linux-x86_64-fedora-clang, r-devel-linux-x86_64-fedora-gcc, r-devel-windows-x86_64, r-patched-linux-x86_64, r-release-linux-x86_64, r-release-macos-arm64, r-release-macos-x86_64, r-release-windows-x86_64, r-oldrel-macos-arm64, r-oldrel-macos-x86_64, r-oldrel-windows-ix86+x86_64