CRAN Package Check Results for Package DTRreg

Last updated on 2022-12-05 11:51:37 CET.

Flavor Version Tinstall Tcheck Ttotal Status Flags
r-devel-linux-x86_64-debian-clang 1.7 5.93 72.37 78.30 NOTE
r-devel-linux-x86_64-debian-gcc 1.7 5.81 54.24 60.05 NOTE
r-devel-linux-x86_64-fedora-clang 1.7 110.32 NOTE
r-devel-linux-x86_64-fedora-gcc 1.7 104.69 NOTE
r-devel-windows-x86_64 1.7 22.00 94.00 116.00 NOTE
r-patched-linux-x86_64 1.7 5.46 68.06 73.52 NOTE
r-release-linux-x86_64 1.7 6.85 68.77 75.62 NOTE
r-release-macos-arm64 1.7 31.00 NOTE
r-release-macos-x86_64 1.7 60.00 NOTE
r-release-windows-x86_64 1.7 15.00 106.00 121.00 NOTE
r-oldrel-macos-arm64 1.7 35.00 NOTE
r-oldrel-macos-x86_64 1.7 52.00 NOTE
r-oldrel-windows-ix86+x86_64 1.7 17.00 101.00 118.00 NOTE

Check Details

Version: 1.7
Check: LazyData
Result: NOTE
     'LazyData' is specified without a 'data' directory
Flavors: r-devel-linux-x86_64-debian-clang, r-devel-linux-x86_64-debian-gcc, r-devel-linux-x86_64-fedora-clang, r-devel-linux-x86_64-fedora-gcc, r-devel-windows-x86_64, r-patched-linux-x86_64, r-release-linux-x86_64, r-release-macos-arm64, r-release-macos-x86_64, r-release-windows-x86_64, r-oldrel-macos-arm64, r-oldrel-macos-x86_64, r-oldrel-windows-ix86+x86_64