Last updated on 2025-04-29 12:52:34 CEST.
Flavor | Version | Tinstall | Tcheck | Ttotal | Status | Flags |
---|---|---|---|---|---|---|
r-devel-linux-x86_64-debian-clang | 0.1-3 | 1.67 | 18.43 | 20.10 | NOTE | |
r-devel-linux-x86_64-debian-gcc | 0.1-3 | 1.27 | 15.52 | 16.79 | NOTE | |
r-devel-linux-x86_64-fedora-clang | 0.1-3 | 31.15 | OK | |||
r-devel-linux-x86_64-fedora-gcc | 0.1-3 | 29.48 | OK | |||
r-devel-windows-x86_64 | 0.1-3 | 2.00 | 40.00 | 42.00 | OK | |
r-patched-linux-x86_64 | 0.1-3 | 1.77 | 17.90 | 19.67 | OK | |
r-release-linux-x86_64 | 0.1-3 | 1.40 | 17.77 | 19.17 | OK | |
r-release-macos-arm64 | 0.1-3 | 17.00 | OK | |||
r-release-macos-x86_64 | 0.1-3 | 23.00 | OK | |||
r-release-windows-x86_64 | 0.1-3 | 2.00 | 41.00 | 43.00 | OK | |
r-oldrel-macos-arm64 | 0.1-3 | 15.00 | OK | |||
r-oldrel-macos-x86_64 | 0.1-3 | 20.00 | OK | |||
r-oldrel-windows-x86_64 | 0.1-3 | 3.00 | 40.00 | 43.00 | OK |
Version: 0.1-3
Check: CRAN incoming feasibility
Result: NOTE
Maintainer: ‘William Nicholson<wbnicholson@gmail.com>’
No Authors@R field in DESCRIPTION.
Please add one, modifying
Authors@R: person(given = "William",
family = "Nicholson",
role = c("aut", "cre"),
email = "wbnicholson@gmail.com")
as necessary.
Flavors: r-devel-linux-x86_64-debian-clang, r-devel-linux-x86_64-debian-gcc