CRAN Package Check Results for Package DTAXG

Last updated on 2025-04-29 12:52:34 CEST.

Flavor Version Tinstall Tcheck Ttotal Status Flags
r-devel-linux-x86_64-debian-clang 0.1.0 1.77 16.73 18.50 NOTE
r-devel-linux-x86_64-debian-gcc 0.1.0 1.39 13.99 15.38 NOTE
r-devel-linux-x86_64-fedora-clang 0.1.0 28.56 OK
r-devel-linux-x86_64-fedora-gcc 0.1.0 27.15 OK
r-devel-windows-x86_64 0.1.0 3.00 37.00 40.00 OK
r-patched-linux-x86_64 0.1.0 1.32 16.21 17.53 OK
r-release-linux-x86_64 0.1.0 1.77 16.15 17.92 OK
r-release-macos-arm64 0.1.0 25.00 OK
r-release-macos-x86_64 0.1.0 22.00 OK
r-release-windows-x86_64 0.1.0 2.00 38.00 40.00 OK
r-oldrel-macos-arm64 0.1.0 14.00 NOTE
r-oldrel-macos-x86_64 0.1.0 21.00 NOTE
r-oldrel-windows-x86_64 0.1.0 3.00 37.00 40.00 NOTE

Check Details

Version: 0.1.0
Check: CRAN incoming feasibility
Result: NOTE Maintainer: ‘Zhicheng Du <dgdzc@hotmail.com>’ No Authors@R field in DESCRIPTION. Please add one, modifying Authors@R: c(person(given = "Zhicheng", family = "Du", role = c("aut", "cre"), email = "dgdzc@hotmail.com"), person(given = "Yuantao", family = "Hao", role = "aut")) as necessary. Flavors: r-devel-linux-x86_64-debian-clang, r-devel-linux-x86_64-debian-gcc

Version: 0.1.0
Check: LazyData
Result: NOTE 'LazyData' is specified without a 'data' directory Flavors: r-oldrel-macos-arm64, r-oldrel-macos-x86_64, r-oldrel-windows-x86_64