Last updated on 2024-04-25 07:59:50 CEST.
Flavor | Version | Tinstall | Tcheck | Ttotal | Status | Flags |
---|---|---|---|---|---|---|
r-devel-linux-x86_64-debian-clang | 0.1.1 | 74.45 | 160.76 | 235.21 | NOTE | |
r-devel-linux-x86_64-debian-gcc | 0.1.1 | 60.40 | 175.58 | 235.98 | NOTE | |
r-devel-linux-x86_64-fedora-clang | 0.1.1 | 319.81 | NOTE | |||
r-devel-linux-x86_64-fedora-gcc | 0.1.1 | 390.77 | NOTE | |||
r-devel-windows-x86_64 | 0.1.1 | 59.00 | 185.00 | 244.00 | NOTE | |
r-patched-linux-x86_64 | 0.1.1 | 74.74 | 213.87 | 288.61 | NOTE | |
r-release-linux-x86_64 | 0.1.1 | 75.15 | 213.15 | 288.30 | NOTE | |
r-release-macos-arm64 | 0.1.1 | 122.00 | NOTE | |||
r-release-windows-x86_64 | 0.1.1 | 60.00 | 173.00 | 233.00 | NOTE | |
r-oldrel-macos-arm64 | 0.1.1 | 135.00 | NOTE | |||
r-oldrel-macos-x86_64 | 0.1.1 | 206.00 | NOTE | |||
r-oldrel-windows-x86_64 | 0.1.1 | 73.00 | 238.00 | 311.00 | NOTE |
Version: 0.1.1
Check: C++ specification
Result: NOTE
Specified C++11: please drop specification unless essential
Flavors: r-devel-linux-x86_64-debian-clang, r-devel-linux-x86_64-debian-gcc, r-devel-linux-x86_64-fedora-clang, r-devel-linux-x86_64-fedora-gcc, r-devel-windows-x86_64, r-patched-linux-x86_64, r-release-linux-x86_64, r-release-macos-arm64, r-release-windows-x86_64, r-oldrel-macos-arm64, r-oldrel-macos-x86_64, r-oldrel-windows-x86_64