Last updated on 2025-07-01 11:49:17 CEST.
Flavor | Version | Tinstall | Tcheck | Ttotal | Status | Flags |
---|---|---|---|---|---|---|
r-devel-linux-x86_64-debian-clang | 0.0.9 | 10.97 | 75.07 | 86.04 | NOTE | |
r-devel-linux-x86_64-debian-gcc | 0.0.9 | 6.70 | 51.34 | 58.04 | NOTE | |
r-devel-linux-x86_64-fedora-clang | 0.0.9 | 129.05 | NOTE | |||
r-devel-linux-x86_64-fedora-gcc | 0.0.9 | 126.16 | NOTE | |||
r-devel-windows-x86_64 | 0.0.9 | 12.00 | 90.00 | 102.00 | NOTE | |
r-patched-linux-x86_64 | NOTE | |||||
r-release-linux-x86_64 | 0.0.9 | 10.15 | 68.49 | 78.64 | NOTE | |
r-release-macos-arm64 | 0.0.9 | 39.00 | NOTE | |||
r-release-macos-x86_64 | 0.0.9 | 78.00 | NOTE | |||
r-release-windows-x86_64 | 0.0.9 | 14.00 | 96.00 | 110.00 | NOTE | |
r-oldrel-macos-arm64 | 0.0.9 | 38.00 | OK | |||
r-oldrel-macos-x86_64 | 0.0.9 | 62.00 | OK | |||
r-oldrel-windows-x86_64 | 0.0.9 | 16.00 | 109.00 | 125.00 | OK |
Version: 0.0.9
Check: CRAN incoming feasibility
Result: NOTE
Maintainer: ‘Phillip D. Alderman <phillip.alderman@okstate.edu>’
No Authors@R field in DESCRIPTION.
Please add one, modifying
Authors@R: person(given = c("Phillip", "D."),
family = "Alderman",
role = c("aut", "cre"),
email = "phillip.alderman@okstate.edu")
as necessary.
Flavors: r-devel-linux-x86_64-debian-clang, r-devel-linux-x86_64-debian-gcc
Version: 0.0.9
Check: DESCRIPTION meta-information
Result: NOTE
Missing dependency on R >= 4.1.0 because package code uses the pipe
|> or function shorthand \(...) syntax added in R 4.1.0.
File(s) using such syntax:
‘v_fmt_to_type.R’
Flavors: r-devel-linux-x86_64-debian-clang, r-devel-linux-x86_64-debian-gcc, r-devel-linux-x86_64-fedora-clang, r-devel-linux-x86_64-fedora-gcc, r-devel-windows-x86_64, r-patched-linux-x86_64, r-release-linux-x86_64, r-release-macos-arm64, r-release-macos-x86_64, r-release-windows-x86_64