Last updated on 2022-07-05 11:49:52 CEST.
Flavor | Version | Tinstall | Tcheck | Ttotal | Status | Flags |
---|---|---|---|---|---|---|
r-devel-linux-x86_64-debian-clang | 0.1.2 | 59.57 | 509.96 | 569.53 | OK | |
r-devel-linux-x86_64-debian-gcc | 0.1.2 | 50.01 | 384.33 | 434.34 | OK | |
r-devel-linux-x86_64-fedora-clang | 0.1.2 | 738.59 | OK | |||
r-devel-linux-x86_64-fedora-gcc | 0.1.2 | 732.44 | OK | |||
r-devel-windows-x86_64 | 0.1.2 | 123.00 | 7.00 | 130.00 | ERROR | |
r-patched-linux-x86_64 | 0.1.2 | 58.64 | 487.12 | 545.76 | OK | |
r-release-linux-x86_64 | 0.1.2 | 52.29 | 477.69 | 529.98 | OK | |
r-release-macos-arm64 | 0.1.2 | 166.00 | NOTE | |||
r-release-macos-x86_64 | 0.1.2 | 252.00 | OK | |||
r-release-windows-x86_64 | 0.1.2 | 142.00 | 511.00 | 653.00 | OK | |
r-oldrel-macos-arm64 | 0.1.2 | 177.00 | NOTE | |||
r-oldrel-macos-x86_64 | 0.1.2 | 230.00 | OK | |||
r-oldrel-windows-ix86+x86_64 | 0.1.2 | 128.00 | 509.00 | 637.00 | OK |
Version: 0.1.2
Check: whether package can be installed
Result: ERROR
Installation failed.
Flavor: r-devel-windows-x86_64
Version: 0.1.2
Check: installed package size
Result: NOTE
installed size is 5.4Mb
sub-directories of 1Mb or more:
data 5.0Mb
Flavors: r-release-macos-arm64, r-oldrel-macos-arm64