Last updated on 2023-12-06 11:52:22 CET.
Flavor | Version | Tinstall | Tcheck | Ttotal | Status | Flags |
---|---|---|---|---|---|---|
r-devel-linux-x86_64-debian-clang | 0.1.3 | 63.25 | 557.53 | 620.78 | OK | |
r-devel-linux-x86_64-debian-gcc | 0.1.3 | 57.20 | 421.63 | 478.83 | OK | |
r-devel-linux-x86_64-fedora-clang | 0.1.3 | 806.52 | OK | |||
r-devel-linux-x86_64-fedora-gcc | 0.1.3 | 819.29 | OK | |||
r-devel-windows-x86_64 | 0.1.3 | 21.00 | 5.00 | 26.00 | ERROR | |
r-patched-linux-x86_64 | 0.1.3 | 43.63 | 528.58 | 572.21 | OK | |
r-release-linux-x86_64 | 0.1.3 | 47.84 | 526.77 | 574.61 | OK | |
r-release-macos-arm64 | 0.1.3 | 9.00 | ERROR | |||
r-release-macos-x86_64 | 0.1.3 | 11.00 | ERROR | |||
r-release-windows-x86_64 | 0.1.3 | 29.00 | 5.00 | 34.00 | ERROR | |
r-oldrel-macos-arm64 | 0.1.3 | 195.00 | OK | |||
r-oldrel-macos-x86_64 | 0.1.3 | 258.00 | OK | |||
r-oldrel-windows-x86_64 | 0.1.3 | 69.00 | 457.00 | 526.00 | OK |
Version: 0.1.3
Check: whether package can be installed
Result: ERROR
Installation failed.
Flavors: r-devel-windows-x86_64, r-release-windows-x86_64
Version: 0.1.3
Check: package dependencies
Result: ERROR
Package required but not available: ‘GSVA’
See section ‘The DESCRIPTION file’ in the ‘Writing R Extensions’
manual.
Flavors: r-release-macos-arm64, r-release-macos-x86_64