Last updated on 2025-07-15 12:49:19 CEST.
Flavor | Version | Tinstall | Tcheck | Ttotal | Status | Flags |
---|---|---|---|---|---|---|
r-devel-linux-x86_64-debian-clang | 0.1.5 | 59.93 | 465.83 | 525.76 | OK | |
r-devel-linux-x86_64-debian-gcc | 0.1.5 | 41.49 | 336.05 | 377.54 | OK | |
r-devel-linux-x86_64-fedora-clang | 0.1.5 | 847.97 | OK | |||
r-devel-linux-x86_64-fedora-gcc | 0.1.5 | 820.38 | OK | |||
r-devel-windows-x86_64 | 0.1.5 | 59.00 | 390.00 | 449.00 | OK | |
r-patched-linux-x86_64 | 0.1.5 | 54.99 | 441.49 | 496.48 | OK | |
r-release-linux-x86_64 | 0.1.5 | 54.90 | 442.21 | 497.11 | OK | |
r-release-macos-arm64 | 0.1.5 | 216.00 | OK | |||
r-release-macos-x86_64 | 0.1.5 | 417.00 | OK | |||
r-release-windows-x86_64 | 0.1.5 | 14.00 | 5.00 | 19.00 | ERROR | |
r-oldrel-macos-arm64 | 0.1.5 | 182.00 | NOTE | |||
r-oldrel-macos-x86_64 | 0.1.5 | 326.00 | NOTE | |||
r-oldrel-windows-x86_64 | 0.1.5 | 77.00 | 499.00 | 576.00 | OK |
Version: 0.1.5
Check: whether package can be installed
Result: ERROR
Installation failed.
Flavor: r-release-windows-x86_64
Version: 0.1.5
Check: installed package size
Result: NOTE
installed size is 5.6Mb
sub-directories of 1Mb or more:
data 5.4Mb
Flavors: r-oldrel-macos-arm64, r-oldrel-macos-x86_64