Last updated on 2022-07-07 12:55:22 CEST.
Flavor | Version | Tinstall | Tcheck | Ttotal | Status | Flags |
---|---|---|---|---|---|---|
r-devel-linux-x86_64-debian-clang | 1.0.3 | 8.96 | 68.49 | 77.45 | OK | |
r-devel-linux-x86_64-debian-gcc | 1.0.3 | 6.20 | 52.55 | 58.75 | OK | |
r-devel-linux-x86_64-fedora-clang | 1.0.3 | 99.33 | WARN | |||
r-devel-linux-x86_64-fedora-gcc | 1.0.3 | 100.79 | WARN | |||
r-devel-windows-x86_64 | 1.0.3 | 14.00 | 89.00 | 103.00 | OK | |
r-patched-linux-x86_64 | 1.0.3 | 8.45 | 66.84 | 75.29 | OK | |
r-release-linux-x86_64 | 1.0.3 | 5.94 | 65.86 | 71.80 | OK | |
r-release-macos-arm64 | 1.0.3 | 32.00 | OK | |||
r-release-macos-x86_64 | 1.0.3 | 43.00 | OK | |||
r-release-windows-x86_64 | 1.0.3 | 13.00 | 95.00 | 108.00 | OK | |
r-oldrel-macos-arm64 | 1.0.3 | 27.00 | OK | |||
r-oldrel-macos-x86_64 | 1.0.3 | 41.00 | OK | |||
r-oldrel-windows-ix86+x86_64 | 1.0.3 | 17.00 | 85.00 | 102.00 | OK |
Version: 1.0.3
Check: package dependencies
Result: WARN
Requires (indirectly) orphaned package: ‘gtools’
Flavors: r-devel-linux-x86_64-fedora-clang, r-devel-linux-x86_64-fedora-gcc